{"id":11710,"date":"2026-01-15T17:13:54","date_gmt":"2026-01-15T16:13:54","guid":{"rendered":"https:\/\/radio-aviva.com\/perpignan\/?post_type=podcast&#038;p=11710"},"modified":"2026-01-15T17:38:32","modified_gmt":"2026-01-15T16:38:32","slug":"rapport-2025-du-secours-catholique-sur-letat-de-la-pauvrete-en-france","status":"publish","type":"podcast","link":"https:\/\/radio-aviva.com\/perpignan\/podcast\/rapport-2025-du-secours-catholique-sur-letat-de-la-pauvrete-en-france\/","title":{"rendered":"Rapport 2025 du Secours Catholique sur l&rsquo;\u00e9tat de la pauvret\u00e9 en France"},"content":{"rendered":"<p>Dans ce Mag de la R\u00e9dac, nous faisons le point sur les conclusions du rapport annuel sur l&rsquo;\u00e9tat de la pauvret\u00e9 en France, un bilan dress\u00e9 chaque ann\u00e9e par le Secours Catholique. A cette occasion, nous avons eu le plaisir d&rsquo;accueillir Emmanuelle de Maury et Catherine Fidry, pr\u00e9sidente et vice-pr\u00e9sidente de la d\u00e9l\u00e9gation Aude-Roussillon du Secours Catholique. Cette interview a \u00e9t\u00e9 men\u00e9e par Claire Helligs\u00f8-Dubost.<\/p>\n","protected":false},"author":1,"featured_media":9640,"template":"","tags":[],"podcastfilter":[190,164,145,307,259,223,149],"class_list":["post-11710","podcast","type-podcast","status-publish","has-post-thumbnail","hentry","podcastfilter-association","podcastfilter-economie","podcastfilter-mag-de-la-redac","podcastfilter-roussillon","podcastfilter-social","podcastfilter-solidaire","podcastfilter-solidarite"],"_links":{"self":[{"href":"https:\/\/radio-aviva.com\/perpignan\/wp-json\/wp\/v2\/podcast\/11710","targetHints":{"allow":["GET"]}}],"collection":[{"href":"https:\/\/radio-aviva.com\/perpignan\/wp-json\/wp\/v2\/podcast"}],"about":[{"href":"https:\/\/radio-aviva.com\/perpignan\/wp-json\/wp\/v2\/types\/podcast"}],"author":[{"embeddable":true,"href":"https:\/\/radio-aviva.com\/perpignan\/wp-json\/wp\/v2\/users\/1"}],"version-history":[{"count":3,"href":"https:\/\/radio-aviva.com\/perpignan\/wp-json\/wp\/v2\/podcast\/11710\/revisions"}],"predecessor-version":[{"id":11713,"href":"https:\/\/radio-aviva.com\/perpignan\/wp-json\/wp\/v2\/podcast\/11710\/revisions\/11713"}],"wp:featuredmedia":[{"embeddable":true,"href":"https:\/\/radio-aviva.com\/perpignan\/wp-json\/wp\/v2\/media\/9640"}],"wp:attachment":[{"href":"https:\/\/radio-aviva.com\/perpignan\/wp-json\/wp\/v2\/media?parent=11710"}],"wp:term":[{"taxonomy":"post_tag","embeddable":true,"href":"https:\/\/radio-aviva.com\/perpignan\/wp-json\/wp\/v2\/tags?post=11710"},{"taxonomy":"podcastfilter","embeddable":true,"href":"https:\/\/radio-aviva.com\/perpignan\/wp-json\/wp\/v2\/podcastfilter?post=11710"}],"curies":[{"name":"wp","href":"https:\/\/api.w.org\/{rel}","templated":true}]}}

Rapport 2025 du Secours Catholique sur l&rsquo;état de la pauvreté en France

<p>Dans ce Mag de la Rédac, nous faisons le point sur les conclusions du rapport annuel sur l&rsquo;état de la pauvreté en France, un bilan dressé chaque année par le Secours Catholique. A cette occasion, nous avons eu le plaisir d&rsquo;accueillir Emmanuelle de Maury et Catherine Fidry, présidente et vice-présidente de la délégation Aude-Roussillon du Secours Catholique. Cette interview a été menée par Claire Helligsø-Dubost.</p>
