{"id":11714,"date":"2026-01-15T17:41:20","date_gmt":"2026-01-15T16:41:20","guid":{"rendered":"https:\/\/radio-aviva.com\/perpignan\/?post_type=podcast&#038;p=11714"},"modified":"2026-01-15T17:41:20","modified_gmt":"2026-01-15T16:41:20","slug":"festival-de-la-laicite-conference-rugby-laicite-georges-bringuier-conferencier","status":"publish","type":"podcast","link":"https:\/\/radio-aviva.com\/perpignan\/podcast\/festival-de-la-laicite-conference-rugby-laicite-georges-bringuier-conferencier\/","title":{"rendered":"Festival de la la\u00efcit\u00e9, conf\u00e9rence Rugby &#038; La\u00efcit\u00e9 &#8211; Georges Bringuier, conf\u00e9rencier"},"content":{"rendered":"<p>Pour cet \u00e9pisode, nous sommes \u00e0 l&rsquo;\u00e9v\u00e9nement \u00ab\u00a0Rugby &amp; La\u00efcit\u00e9\u00a0\u00bb de La Maison De Ma R\u00e9gion de Perpignan, o\u00f9 Georges Bringuier, conf\u00e9rencier, nous explique le lien fort qui unit l&rsquo;univers du rugby et les valeurs de la\u00efcit\u00e9. Cette interview a \u00e9t\u00e9 men\u00e9e par Claire Helligs\u00f8-Dubost.<\/p>\n","protected":false},"author":1,"featured_media":9068,"template":"","tags":[],"podcastfilter":[208,175,387,194],"class_list":["post-11714","podcast","type-podcast","status-publish","has-post-thumbnail","hentry","podcastfilter-conference","podcastfilter-invite-de-la-redaction","podcastfilter-laicite","podcastfilter-occitanie"],"_links":{"self":[{"href":"https:\/\/radio-aviva.com\/perpignan\/wp-json\/wp\/v2\/podcast\/11714","targetHints":{"allow":["GET"]}}],"collection":[{"href":"https:\/\/radio-aviva.com\/perpignan\/wp-json\/wp\/v2\/podcast"}],"about":[{"href":"https:\/\/radio-aviva.com\/perpignan\/wp-json\/wp\/v2\/types\/podcast"}],"author":[{"embeddable":true,"href":"https:\/\/radio-aviva.com\/perpignan\/wp-json\/wp\/v2\/users\/1"}],"version-history":[{"count":1,"href":"https:\/\/radio-aviva.com\/perpignan\/wp-json\/wp\/v2\/podcast\/11714\/revisions"}],"predecessor-version":[{"id":11715,"href":"https:\/\/radio-aviva.com\/perpignan\/wp-json\/wp\/v2\/podcast\/11714\/revisions\/11715"}],"wp:featuredmedia":[{"embeddable":true,"href":"https:\/\/radio-aviva.com\/perpignan\/wp-json\/wp\/v2\/media\/9068"}],"wp:attachment":[{"href":"https:\/\/radio-aviva.com\/perpignan\/wp-json\/wp\/v2\/media?parent=11714"}],"wp:term":[{"taxonomy":"post_tag","embeddable":true,"href":"https:\/\/radio-aviva.com\/perpignan\/wp-json\/wp\/v2\/tags?post=11714"},{"taxonomy":"podcastfilter","embeddable":true,"href":"https:\/\/radio-aviva.com\/perpignan\/wp-json\/wp\/v2\/podcastfilter?post=11714"}],"curies":[{"name":"wp","href":"https:\/\/api.w.org\/{rel}","templated":true}]}}

Festival de la laïcité, conférence Rugby &#038; Laïcité &#8211; Georges Bringuier, conférencier

<p>Pour cet épisode, nous sommes à l&rsquo;événement « Rugby &amp; Laïcité » de La Maison De Ma Région de Perpignan, où Georges Bringuier, conférencier, nous explique le lien fort qui unit l&rsquo;univers du rugby et les valeurs de laïcité. Cette interview a été menée par Claire Helligsø-Dubost.</p>
