{"id":11717,"date":"2026-01-20T16:16:06","date_gmt":"2026-01-20T15:16:06","guid":{"rendered":"https:\/\/radio-aviva.com\/perpignan\/?post_type=podcast&#038;p=11717"},"modified":"2026-01-20T16:16:30","modified_gmt":"2026-01-20T15:16:30","slug":"tournage-peau-dhomme-meziane-el-mars-regisseur-adjoint-samuel-moli-conseiller-commission-culture-occitanie","status":"publish","type":"podcast","link":"https:\/\/radio-aviva.com\/perpignan\/podcast\/tournage-peau-dhomme-meziane-el-mars-regisseur-adjoint-samuel-moli-conseiller-commission-culture-occitanie\/","title":{"rendered":"Tournage Peau d\u2019Homme &#8211; Meziane EL MARS, R\u00e9gisseur adjoint &amp; Samuel MOLI, Conseiller commission culture Occitanie"},"content":{"rendered":"<p>Dans cette \u00e9mission, nous revenons sur le tournage du film Peau d&rsquo;Homme, ayant eu lieu \u00e0 Perpignan en automne dernier.<\/p>\n","protected":false},"author":329,"featured_media":0,"template":"","tags":[],"podcastfilter":[128,109],"class_list":["post-11717","podcast","type-podcast","status-publish","hentry","podcastfilter-cinema","podcastfilter-perpignan"],"_links":{"self":[{"href":"https:\/\/radio-aviva.com\/perpignan\/wp-json\/wp\/v2\/podcast\/11717","targetHints":{"allow":["GET"]}}],"collection":[{"href":"https:\/\/radio-aviva.com\/perpignan\/wp-json\/wp\/v2\/podcast"}],"about":[{"href":"https:\/\/radio-aviva.com\/perpignan\/wp-json\/wp\/v2\/types\/podcast"}],"author":[{"embeddable":true,"href":"https:\/\/radio-aviva.com\/perpignan\/wp-json\/wp\/v2\/users\/329"}],"version-history":[{"count":1,"href":"https:\/\/radio-aviva.com\/perpignan\/wp-json\/wp\/v2\/podcast\/11717\/revisions"}],"predecessor-version":[{"id":11718,"href":"https:\/\/radio-aviva.com\/perpignan\/wp-json\/wp\/v2\/podcast\/11717\/revisions\/11718"}],"wp:attachment":[{"href":"https:\/\/radio-aviva.com\/perpignan\/wp-json\/wp\/v2\/media?parent=11717"}],"wp:term":[{"taxonomy":"post_tag","embeddable":true,"href":"https:\/\/radio-aviva.com\/perpignan\/wp-json\/wp\/v2\/tags?post=11717"},{"taxonomy":"podcastfilter","embeddable":true,"href":"https:\/\/radio-aviva.com\/perpignan\/wp-json\/wp\/v2\/podcastfilter?post=11717"}],"curies":[{"name":"wp","href":"https:\/\/api.w.org\/{rel}","templated":true}]}}

Tournage Peau d’Homme &#8211; Meziane EL MARS, Régisseur adjoint &amp; Samuel MOLI, Conseiller commission culture Occitanie

<p>Dans cette émission, nous revenons sur le tournage du film Peau d&rsquo;Homme, ayant eu lieu à Perpignan en automne dernier.</p>
