{"id":11766,"date":"2026-03-05T14:01:14","date_gmt":"2026-03-05T13:01:14","guid":{"rendered":"https:\/\/radio-aviva.com\/perpignan\/?post_type=podcast&#038;p=11766"},"modified":"2026-03-05T14:01:14","modified_gmt":"2026-03-05T13:01:14","slug":"plateau-residence-radiophonique-n1-de-lupvd-de-perpignan","status":"publish","type":"podcast","link":"https:\/\/radio-aviva.com\/perpignan\/podcast\/plateau-residence-radiophonique-n1-de-lupvd-de-perpignan\/","title":{"rendered":"Plateau r\u00e9sidence radiophonique n\u00b01 de L&rsquo;UPVD de Perpignan"},"content":{"rendered":"<p>Cette \u00e9mission a \u00e9t\u00e9 r\u00e9alis\u00e9e dans le cadre des R\u00e9sidences radiophoniques, avec la participation de de L&rsquo;UPVD de Perpignan .<\/p>\n","protected":false},"author":329,"featured_media":9683,"template":"","tags":[],"podcastfilter":[255,109],"class_list":["post-11766","podcast","type-podcast","status-publish","has-post-thumbnail","hentry","podcastfilter-evenement","podcastfilter-perpignan"],"_links":{"self":[{"href":"https:\/\/radio-aviva.com\/perpignan\/wp-json\/wp\/v2\/podcast\/11766","targetHints":{"allow":["GET"]}}],"collection":[{"href":"https:\/\/radio-aviva.com\/perpignan\/wp-json\/wp\/v2\/podcast"}],"about":[{"href":"https:\/\/radio-aviva.com\/perpignan\/wp-json\/wp\/v2\/types\/podcast"}],"author":[{"embeddable":true,"href":"https:\/\/radio-aviva.com\/perpignan\/wp-json\/wp\/v2\/users\/329"}],"version-history":[{"count":1,"href":"https:\/\/radio-aviva.com\/perpignan\/wp-json\/wp\/v2\/podcast\/11766\/revisions"}],"predecessor-version":[{"id":11767,"href":"https:\/\/radio-aviva.com\/perpignan\/wp-json\/wp\/v2\/podcast\/11766\/revisions\/11767"}],"wp:featuredmedia":[{"embeddable":true,"href":"https:\/\/radio-aviva.com\/perpignan\/wp-json\/wp\/v2\/media\/9683"}],"wp:attachment":[{"href":"https:\/\/radio-aviva.com\/perpignan\/wp-json\/wp\/v2\/media?parent=11766"}],"wp:term":[{"taxonomy":"post_tag","embeddable":true,"href":"https:\/\/radio-aviva.com\/perpignan\/wp-json\/wp\/v2\/tags?post=11766"},{"taxonomy":"podcastfilter","embeddable":true,"href":"https:\/\/radio-aviva.com\/perpignan\/wp-json\/wp\/v2\/podcastfilter?post=11766"}],"curies":[{"name":"wp","href":"https:\/\/api.w.org\/{rel}","templated":true}]}}

Plateau résidence radiophonique n°1 de L&rsquo;UPVD de Perpignan

<p>Cette émission a été réalisée dans le cadre des Résidences radiophoniques, avec la participation de de L&rsquo;UPVD de Perpignan .</p>
