{"id":11772,"date":"2026-03-16T15:27:22","date_gmt":"2026-03-16T14:27:22","guid":{"rendered":"https:\/\/radio-aviva.com\/perpignan\/?post_type=podcast&#038;p=11772"},"modified":"2026-03-16T15:37:23","modified_gmt":"2026-03-16T14:37:23","slug":"association-llum-dendo-julie-duplessy-presidente","status":"publish","type":"podcast","link":"https:\/\/radio-aviva.com\/perpignan\/podcast\/association-llum-dendo-julie-duplessy-presidente\/","title":{"rendered":"Association Llum d&rsquo;Endo &#8211; Julie Duplessy, pr\u00e9sidente"},"content":{"rendered":"<p>Dans cet \u00e9pisode, Julie Duplessy nous fait la pr\u00e9sentation de l\u2019association Llum d\u2019Endo, qui oeuvre pour la prise en charge des personnes atteintes d\u2019endom\u00e9triose. Nous d\u00e9couvrons \u00e9galement avec vous l&rsquo;agenda des \u00e9v\u00e9nements \u00e0 venir de l\u2019association. Cette interview a \u00e9t\u00e9 men\u00e9e par Claire Helligs\u00f8-Dubost, avec Damien Lin-Ching-Too \u00e0 la technique.<\/p>\n","protected":false},"author":1,"featured_media":9953,"template":"","tags":[],"podcastfilter":[190,209,136,255,166,261,138,186,119,223,148],"class_list":["post-11772","podcast","type-podcast","status-publish","has-post-thumbnail","hentry","podcastfilter-association","podcastfilter-concert","podcastfilter-egalite-hommes-femmes","podcastfilter-evenement","podcastfilter-femme","podcastfilter-femmes","podcastfilter-lutte-contre-les-discriminations","podcastfilter-pyrenees-orientales-2","podcastfilter-sante","podcastfilter-solidaire","podcastfilter-voix-des-assos"],"_links":{"self":[{"href":"https:\/\/radio-aviva.com\/perpignan\/wp-json\/wp\/v2\/podcast\/11772","targetHints":{"allow":["GET"]}}],"collection":[{"href":"https:\/\/radio-aviva.com\/perpignan\/wp-json\/wp\/v2\/podcast"}],"about":[{"href":"https:\/\/radio-aviva.com\/perpignan\/wp-json\/wp\/v2\/types\/podcast"}],"author":[{"embeddable":true,"href":"https:\/\/radio-aviva.com\/perpignan\/wp-json\/wp\/v2\/users\/1"}],"version-history":[{"count":1,"href":"https:\/\/radio-aviva.com\/perpignan\/wp-json\/wp\/v2\/podcast\/11772\/revisions"}],"predecessor-version":[{"id":11773,"href":"https:\/\/radio-aviva.com\/perpignan\/wp-json\/wp\/v2\/podcast\/11772\/revisions\/11773"}],"wp:featuredmedia":[{"embeddable":true,"href":"https:\/\/radio-aviva.com\/perpignan\/wp-json\/wp\/v2\/media\/9953"}],"wp:attachment":[{"href":"https:\/\/radio-aviva.com\/perpignan\/wp-json\/wp\/v2\/media?parent=11772"}],"wp:term":[{"taxonomy":"post_tag","embeddable":true,"href":"https:\/\/radio-aviva.com\/perpignan\/wp-json\/wp\/v2\/tags?post=11772"},{"taxonomy":"podcastfilter","embeddable":true,"href":"https:\/\/radio-aviva.com\/perpignan\/wp-json\/wp\/v2\/podcastfilter?post=11772"}],"curies":[{"name":"wp","href":"https:\/\/api.w.org\/{rel}","templated":true}]}}

Association Llum d&rsquo;Endo &#8211; Julie Duplessy, présidente

<p>Dans cet épisode, Julie Duplessy nous fait la présentation de l’association Llum d’Endo, qui oeuvre pour la prise en charge des personnes atteintes d’endométriose. Nous découvrons également avec vous l&rsquo;agenda des événements à venir de l’association. Cette interview a été menée par Claire Helligsø-Dubost, avec Damien Lin-Ching-Too à la technique.</p>
