{"id":11774,"date":"2026-03-16T15:39:58","date_gmt":"2026-03-16T14:39:58","guid":{"rendered":"https:\/\/radio-aviva.com\/perpignan\/?post_type=podcast&#038;p=11774"},"modified":"2026-03-16T15:48:33","modified_gmt":"2026-03-16T14:48:33","slug":"endofest-2026-julie-duplessy-association-llum-dendo-alexandra-lopez-association-oxycizyk","status":"publish","type":"podcast","link":"https:\/\/radio-aviva.com\/perpignan\/podcast\/endofest-2026-julie-duplessy-association-llum-dendo-alexandra-lopez-association-oxycizyk\/","title":{"rendered":"Endofest 2026 &#8211; Julie Duplessy, association Llum d&rsquo;Endo &#038; Alexandra Lopez, association Oxycizyk"},"content":{"rendered":"<p>Dans ce podcast, Julie Duplessy, et Alexandra Lopez nous font la pr\u00e9sentation du concert caritatif Endofest 2026, organis\u00e9 par Oxycizyk (promotion des musiciens de composition, catalans) et Llum d\u2019Endo (accompagnement des personnes atteintes d\u2019endom\u00e9triose), pour la journ\u00e9e internationale de l\u2019endom\u00e9triose, le 28 mars.<br \/>\nCette interview a \u00e9t\u00e9 men\u00e9e par Claire Helligs\u00f8-Dubost, avec Damien Lin-Ching-Too \u00e0 la technique.<\/p>\n","protected":false},"author":1,"featured_media":9068,"template":"","tags":[],"podcastfilter":[190,209,136,255,261,135,138,88,109,119,223],"class_list":["post-11774","podcast","type-podcast","status-publish","has-post-thumbnail","hentry","podcastfilter-association","podcastfilter-concert","podcastfilter-egalite-hommes-femmes","podcastfilter-evenement","podcastfilter-femmes","podcastfilter-linvite-de-la-redaction","podcastfilter-lutte-contre-les-discriminations","podcastfilter-musique","podcastfilter-perpignan","podcastfilter-sante","podcastfilter-solidaire"],"_links":{"self":[{"href":"https:\/\/radio-aviva.com\/perpignan\/wp-json\/wp\/v2\/podcast\/11774","targetHints":{"allow":["GET"]}}],"collection":[{"href":"https:\/\/radio-aviva.com\/perpignan\/wp-json\/wp\/v2\/podcast"}],"about":[{"href":"https:\/\/radio-aviva.com\/perpignan\/wp-json\/wp\/v2\/types\/podcast"}],"author":[{"embeddable":true,"href":"https:\/\/radio-aviva.com\/perpignan\/wp-json\/wp\/v2\/users\/1"}],"version-history":[{"count":1,"href":"https:\/\/radio-aviva.com\/perpignan\/wp-json\/wp\/v2\/podcast\/11774\/revisions"}],"predecessor-version":[{"id":11775,"href":"https:\/\/radio-aviva.com\/perpignan\/wp-json\/wp\/v2\/podcast\/11774\/revisions\/11775"}],"wp:featuredmedia":[{"embeddable":true,"href":"https:\/\/radio-aviva.com\/perpignan\/wp-json\/wp\/v2\/media\/9068"}],"wp:attachment":[{"href":"https:\/\/radio-aviva.com\/perpignan\/wp-json\/wp\/v2\/media?parent=11774"}],"wp:term":[{"taxonomy":"post_tag","embeddable":true,"href":"https:\/\/radio-aviva.com\/perpignan\/wp-json\/wp\/v2\/tags?post=11774"},{"taxonomy":"podcastfilter","embeddable":true,"href":"https:\/\/radio-aviva.com\/perpignan\/wp-json\/wp\/v2\/podcastfilter?post=11774"}],"curies":[{"name":"wp","href":"https:\/\/api.w.org\/{rel}","templated":true}]}}

<p>Dans ce podcast, Julie Duplessy, et Alexandra Lopez nous font la présentation du concert caritatif Endofest 2026, organisé par Oxycizyk (promotion des musiciens de composition, catalans) et Llum d’Endo (accompagnement des personnes atteintes d’endométriose), pour la journée internationale de l’endométriose, le 28 mars.<br />
Cette interview a été menée par Claire Helligsø-Dubost, avec Damien Lin-Ching-Too à la technique.</p>
