{"id":11778,"date":"2026-03-16T16:06:12","date_gmt":"2026-03-16T15:06:12","guid":{"rendered":"https:\/\/radio-aviva.com\/perpignan\/?post_type=podcast&#038;p=11778"},"modified":"2026-03-16T16:06:31","modified_gmt":"2026-03-16T15:06:31","slug":"festival-du-film-de-rando-3e-saison-philippe-donadille-co-fondateur","status":"publish","type":"podcast","link":"https:\/\/radio-aviva.com\/perpignan\/podcast\/festival-du-film-de-rando-3e-saison-philippe-donadille-co-fondateur\/","title":{"rendered":"Festival du Film de Rando, 3e saison &#8211; Philippe Donadille, co-fondateur"},"content":{"rendered":"<p>Philippe Donadille, co-fondateur du Festival du Film de Rando Histoires &amp; Crapahutes nous pr\u00e9sente le programme de la saison 3 du festival qui sera de passage le 27 mars au cin\u00e9ma Mega Castillet de Perpignan pour la projection des trois courts-m\u00e9trages de cette \u00e9dition 2026.<br \/>\nCette interview a \u00e9t\u00e9 men\u00e9e par Claire Helligs\u00f8-Dubost, avec Damien Lin-Ching-Too \u00e0 la technique.<\/p>\n","protected":false},"author":1,"featured_media":10613,"template":"","tags":[],"podcastfilter":[190,128,165,127,255,261,167,109,357],"class_list":["post-11778","podcast","type-podcast","status-publish","has-post-thumbnail","hentry","podcastfilter-association","podcastfilter-cinema","podcastfilter-culture-compagnie","podcastfilter-culture-et-compagnie","podcastfilter-evenement","podcastfilter-femmes","podcastfilter-festival","podcastfilter-perpignan","podcastfilter-randonnee"],"_links":{"self":[{"href":"https:\/\/radio-aviva.com\/perpignan\/wp-json\/wp\/v2\/podcast\/11778","targetHints":{"allow":["GET"]}}],"collection":[{"href":"https:\/\/radio-aviva.com\/perpignan\/wp-json\/wp\/v2\/podcast"}],"about":[{"href":"https:\/\/radio-aviva.com\/perpignan\/wp-json\/wp\/v2\/types\/podcast"}],"author":[{"embeddable":true,"href":"https:\/\/radio-aviva.com\/perpignan\/wp-json\/wp\/v2\/users\/1"}],"version-history":[{"count":1,"href":"https:\/\/radio-aviva.com\/perpignan\/wp-json\/wp\/v2\/podcast\/11778\/revisions"}],"predecessor-version":[{"id":11779,"href":"https:\/\/radio-aviva.com\/perpignan\/wp-json\/wp\/v2\/podcast\/11778\/revisions\/11779"}],"wp:featuredmedia":[{"embeddable":true,"href":"https:\/\/radio-aviva.com\/perpignan\/wp-json\/wp\/v2\/media\/10613"}],"wp:attachment":[{"href":"https:\/\/radio-aviva.com\/perpignan\/wp-json\/wp\/v2\/media?parent=11778"}],"wp:term":[{"taxonomy":"post_tag","embeddable":true,"href":"https:\/\/radio-aviva.com\/perpignan\/wp-json\/wp\/v2\/tags?post=11778"},{"taxonomy":"podcastfilter","embeddable":true,"href":"https:\/\/radio-aviva.com\/perpignan\/wp-json\/wp\/v2\/podcastfilter?post=11778"}],"curies":[{"name":"wp","href":"https:\/\/api.w.org\/{rel}","templated":true}]}}

<p>Philippe Donadille, co-fondateur du Festival du Film de Rando Histoires &amp; Crapahutes nous présente le programme de la saison 3 du festival qui sera de passage le 27 mars au cinéma Mega Castillet de Perpignan pour la projection des trois courts-métrages de cette édition 2026.<br />
Cette interview a été menée par Claire Helligsø-Dubost, avec Damien Lin-Ching-Too à la technique.</p>
