{"id":11837,"date":"2026-04-28T12:47:43","date_gmt":"2026-04-28T10:47:43","guid":{"rendered":"https:\/\/radio-aviva.com\/perpignan\/?post_type=podcast&#038;p=11837"},"modified":"2026-04-28T12:55:03","modified_gmt":"2026-04-28T10:55:03","slug":"exposition-regard-sur-mon-quartier-armelle-pommet-responsable-de-laction-culturelle-au-theatre-de-larchipel","status":"publish","type":"podcast","link":"https:\/\/radio-aviva.com\/perpignan\/podcast\/exposition-regard-sur-mon-quartier-armelle-pommet-responsable-de-laction-culturelle-au-theatre-de-larchipel\/","title":{"rendered":"Exposition \u00ab\u00a0Regard sur mon quartier\u00a0\u00bb &#8211; Armelle Pommet, responsable de l&rsquo;action culturelle au Th\u00e9\u00e2tre de l&rsquo;Archipel"},"content":{"rendered":"<p>Radio Aviva Perpignan est partie \u00e0 la d\u00e9couverte de l\u2019exposition photo \u201cRegard sur mon quartier\u201d, visible dans la verri\u00e8re public du Th\u00e9\u00e2tre de l\u2019Archipel du 24 au 27 mars. Armelle Pommet, responsable de l&rsquo;action culturelle du Th\u00e9\u00e2tre de l&rsquo;Archipel nous pr\u00e9sente cette exposition, fruit d\u2019un atelier photographique propos\u00e9 par le Th\u00e9\u00e2tre de l\u2019Archipel et ses partenaires, visant \u00e0 ouvrir la pratique artistique \u00e0 tout public.<\/p>\n<p>Cette \u00e9mission a \u00e9t\u00e9 anim\u00e9e par Claire Helligs\u00f8, avec Damien Lin-Ching-Too \u00e0 la technique.<\/p>\n","protected":false},"author":1,"featured_media":10613,"template":"","tags":[],"podcastfilter":[170,86,171,165,134,138,109],"class_list":["post-11837","podcast","type-podcast","status-publish","has-post-thumbnail","hentry","podcastfilter-actions-culturelles","podcastfilter-art","podcastfilter-ateliers","podcastfilter-culture-compagnie","podcastfilter-exposition","podcastfilter-lutte-contre-les-discriminations","podcastfilter-perpignan"],"_links":{"self":[{"href":"https:\/\/radio-aviva.com\/perpignan\/wp-json\/wp\/v2\/podcast\/11837","targetHints":{"allow":["GET"]}}],"collection":[{"href":"https:\/\/radio-aviva.com\/perpignan\/wp-json\/wp\/v2\/podcast"}],"about":[{"href":"https:\/\/radio-aviva.com\/perpignan\/wp-json\/wp\/v2\/types\/podcast"}],"author":[{"embeddable":true,"href":"https:\/\/radio-aviva.com\/perpignan\/wp-json\/wp\/v2\/users\/1"}],"version-history":[{"count":1,"href":"https:\/\/radio-aviva.com\/perpignan\/wp-json\/wp\/v2\/podcast\/11837\/revisions"}],"predecessor-version":[{"id":11838,"href":"https:\/\/radio-aviva.com\/perpignan\/wp-json\/wp\/v2\/podcast\/11837\/revisions\/11838"}],"wp:featuredmedia":[{"embeddable":true,"href":"https:\/\/radio-aviva.com\/perpignan\/wp-json\/wp\/v2\/media\/10613"}],"wp:attachment":[{"href":"https:\/\/radio-aviva.com\/perpignan\/wp-json\/wp\/v2\/media?parent=11837"}],"wp:term":[{"taxonomy":"post_tag","embeddable":true,"href":"https:\/\/radio-aviva.com\/perpignan\/wp-json\/wp\/v2\/tags?post=11837"},{"taxonomy":"podcastfilter","embeddable":true,"href":"https:\/\/radio-aviva.com\/perpignan\/wp-json\/wp\/v2\/podcastfilter?post=11837"}],"curies":[{"name":"wp","href":"https:\/\/api.w.org\/{rel}","templated":true}]}}

Exposition « Regard sur mon quartier » &#8211; Armelle Pommet, responsable de l&rsquo;action culturelle au Théâtre de l&rsquo;Archipel

<p>Radio Aviva Perpignan est partie à la découverte de l’exposition photo “Regard sur mon quartier”, visible dans la verrière public du Théâtre de l’Archipel du 24 au 27 mars. Armelle Pommet, responsable de l&rsquo;action culturelle du Théâtre de l&rsquo;Archipel nous présente cette exposition, fruit d’un atelier photographique proposé par le Théâtre de l’Archipel et ses partenaires, visant à ouvrir la pratique artistique à tout public.</p>
<p>Cette émission a été animée par Claire Helligsø, avec Damien Lin-Ching-Too à la technique.</p>
