{"id":11841,"date":"2026-04-28T13:05:33","date_gmt":"2026-04-28T11:05:33","guid":{"rendered":"https:\/\/radio-aviva.com\/perpignan\/?post_type=podcast&#038;p=11841"},"modified":"2026-04-28T13:11:06","modified_gmt":"2026-04-28T11:11:06","slug":"robert-andre-benevole-pour-lassociation-jazzebre","status":"publish","type":"podcast","link":"https:\/\/radio-aviva.com\/perpignan\/podcast\/robert-andre-benevole-pour-lassociation-jazzebre\/","title":{"rendered":"Robert Andr\u00e9, b\u00e9n\u00e9vole pour l&rsquo;association Jazz\u00e8bre"},"content":{"rendered":"<p>A l\u2019occasion du concert du groupe Knobil, le mardi 24 mars au Palais consulaire de la CCI de Perpignan, Radio Aviva Perpignan a rencontr\u00e9 Robert Andr\u00e9, b\u00e9n\u00e9vole pour Jazz\u00e8bre, qui nous parle de son r\u00f4le pour soutenir l\u2019organisation d\u2019\u00e9v\u00e9nements dans le cadre du festival et de la saison culturelle Jazz\u00e8bre.<\/p>\n<p>Cette \u00e9mission a \u00e9t\u00e9 anim\u00e9e par Claire Helligs\u00f8, avec Damien Lin-Ching-Too \u00e0 la technique.<\/p>\n","protected":false},"author":1,"featured_media":9953,"template":"","tags":[],"podcastfilter":[190,209,255,314,88,109,149,148],"class_list":["post-11841","podcast","type-podcast","status-publish","has-post-thumbnail","hentry","podcastfilter-association","podcastfilter-concert","podcastfilter-evenement","podcastfilter-la-voix-des-assos","podcastfilter-musique","podcastfilter-perpignan","podcastfilter-solidarite","podcastfilter-voix-des-assos"],"_links":{"self":[{"href":"https:\/\/radio-aviva.com\/perpignan\/wp-json\/wp\/v2\/podcast\/11841","targetHints":{"allow":["GET"]}}],"collection":[{"href":"https:\/\/radio-aviva.com\/perpignan\/wp-json\/wp\/v2\/podcast"}],"about":[{"href":"https:\/\/radio-aviva.com\/perpignan\/wp-json\/wp\/v2\/types\/podcast"}],"author":[{"embeddable":true,"href":"https:\/\/radio-aviva.com\/perpignan\/wp-json\/wp\/v2\/users\/1"}],"version-history":[{"count":1,"href":"https:\/\/radio-aviva.com\/perpignan\/wp-json\/wp\/v2\/podcast\/11841\/revisions"}],"predecessor-version":[{"id":11842,"href":"https:\/\/radio-aviva.com\/perpignan\/wp-json\/wp\/v2\/podcast\/11841\/revisions\/11842"}],"wp:featuredmedia":[{"embeddable":true,"href":"https:\/\/radio-aviva.com\/perpignan\/wp-json\/wp\/v2\/media\/9953"}],"wp:attachment":[{"href":"https:\/\/radio-aviva.com\/perpignan\/wp-json\/wp\/v2\/media?parent=11841"}],"wp:term":[{"taxonomy":"post_tag","embeddable":true,"href":"https:\/\/radio-aviva.com\/perpignan\/wp-json\/wp\/v2\/tags?post=11841"},{"taxonomy":"podcastfilter","embeddable":true,"href":"https:\/\/radio-aviva.com\/perpignan\/wp-json\/wp\/v2\/podcastfilter?post=11841"}],"curies":[{"name":"wp","href":"https:\/\/api.w.org\/{rel}","templated":true}]}}

Robert André, bénévole pour l&rsquo;association Jazzèbre

<p>A l’occasion du concert du groupe Knobil, le mardi 24 mars au Palais consulaire de la CCI de Perpignan, Radio Aviva Perpignan a rencontré Robert André, bénévole pour Jazzèbre, qui nous parle de son rôle pour soutenir l’organisation d’événements dans le cadre du festival et de la saison culturelle Jazzèbre.</p>
<p>Cette émission a été animée par Claire Helligsø, avec Damien Lin-Ching-Too à la technique.</p>
