{"id":11843,"date":"2026-04-28T13:13:01","date_gmt":"2026-04-28T11:13:01","guid":{"rendered":"https:\/\/radio-aviva.com\/perpignan\/?post_type=podcast&#038;p=11843"},"modified":"2026-04-28T13:13:14","modified_gmt":"2026-04-28T11:13:14","slug":"louise-knobil-violoncelliste-et-chanteuse-du-groupe-knobil-concert-de-la-saison-culturelle-jazzebre","status":"publish","type":"podcast","link":"https:\/\/radio-aviva.com\/perpignan\/podcast\/louise-knobil-violoncelliste-et-chanteuse-du-groupe-knobil-concert-de-la-saison-culturelle-jazzebre\/","title":{"rendered":"Louise Knobil, violoncelliste et chanteuse du groupe Knobil &#8211; Concert de la saison culturelle Jazz\u00e8bre"},"content":{"rendered":"<p>A l\u2019occasion du concert du groupe Knobil, le mardi 24 mars au Palais consulaire de la CCI de Perpignan, Radio Aviva Perpignan a rencontr\u00e9 Louise Knobil, violoncelliste et chanteuse, qui nous a pr\u00e9sent\u00e9 son travail, son processus de cr\u00e9ation et ses inspirations.<\/p>\n<p>Cette \u00e9mission a \u00e9t\u00e9 anim\u00e9e par Claire Helligs\u00f8, avec Damien Lin-Ching-Too \u00e0 la technique.<\/p>\n","protected":false},"author":1,"featured_media":10613,"template":"","tags":[],"podcastfilter":[168,190,156,271,209,165,159],"class_list":["post-11843","podcast","type-podcast","status-publish","has-post-thumbnail","hentry","podcastfilter-artiste","podcastfilter-association","podcastfilter-cci","podcastfilter-chant","podcastfilter-concert","podcastfilter-culture-compagnie","podcastfilter-jazz"],"_links":{"self":[{"href":"https:\/\/radio-aviva.com\/perpignan\/wp-json\/wp\/v2\/podcast\/11843","targetHints":{"allow":["GET"]}}],"collection":[{"href":"https:\/\/radio-aviva.com\/perpignan\/wp-json\/wp\/v2\/podcast"}],"about":[{"href":"https:\/\/radio-aviva.com\/perpignan\/wp-json\/wp\/v2\/types\/podcast"}],"author":[{"embeddable":true,"href":"https:\/\/radio-aviva.com\/perpignan\/wp-json\/wp\/v2\/users\/1"}],"version-history":[{"count":1,"href":"https:\/\/radio-aviva.com\/perpignan\/wp-json\/wp\/v2\/podcast\/11843\/revisions"}],"predecessor-version":[{"id":11844,"href":"https:\/\/radio-aviva.com\/perpignan\/wp-json\/wp\/v2\/podcast\/11843\/revisions\/11844"}],"wp:featuredmedia":[{"embeddable":true,"href":"https:\/\/radio-aviva.com\/perpignan\/wp-json\/wp\/v2\/media\/10613"}],"wp:attachment":[{"href":"https:\/\/radio-aviva.com\/perpignan\/wp-json\/wp\/v2\/media?parent=11843"}],"wp:term":[{"taxonomy":"post_tag","embeddable":true,"href":"https:\/\/radio-aviva.com\/perpignan\/wp-json\/wp\/v2\/tags?post=11843"},{"taxonomy":"podcastfilter","embeddable":true,"href":"https:\/\/radio-aviva.com\/perpignan\/wp-json\/wp\/v2\/podcastfilter?post=11843"}],"curies":[{"name":"wp","href":"https:\/\/api.w.org\/{rel}","templated":true}]}}

Louise Knobil, violoncelliste et chanteuse du groupe Knobil &#8211; Concert de la saison culturelle Jazzèbre

<p>A l’occasion du concert du groupe Knobil, le mardi 24 mars au Palais consulaire de la CCI de Perpignan, Radio Aviva Perpignan a rencontré Louise Knobil, violoncelliste et chanteuse, qui nous a présenté son travail, son processus de création et ses inspirations.</p>
<p>Cette émission a été animée par Claire Helligsø, avec Damien Lin-Ching-Too à la technique.</p>
