{"id":6363,"date":"2023-03-24T14:01:45","date_gmt":"2023-03-24T13:01:45","guid":{"rendered":"https:\/\/radio-aviva.com\/perpignan\/?post_type=podcast&#038;p=6363"},"modified":"2023-03-24T14:01:45","modified_gmt":"2023-03-24T13:01:45","slug":"karine-laleu-dir-artistique-labopera-160323","status":"publish","type":"podcast","link":"https:\/\/radio-aviva.com\/perpignan\/podcast\/karine-laleu-dir-artistique-labopera-160323\/","title":{"rendered":"KARINE LALEU, DIR ARTISTIQUE &#8211; LABOPERA &#8211; 160323"},"content":{"rendered":"<p><strong>Karine Laleu est venue nous parler du Labop\u00e9ra m\u00e9diterran\u00e9e, un op\u00e9ra coop\u00e9ratif, associant \u00e0 l&rsquo;\u00e9quipe professionnelle, des forces vives amateures du territoire et des jeunes issus de lyc\u00e9es professionnels au profit d&rsquo;un large public familial et n\u00e9ophyte.<\/strong><\/p>\n","protected":false},"author":337,"featured_media":6365,"template":"","tags":[],"podcastfilter":[86,126,88,109],"class_list":["post-6363","podcast","type-podcast","status-publish","has-post-thumbnail","hentry","podcastfilter-art","podcastfilter-education","podcastfilter-musique","podcastfilter-perpignan"],"_links":{"self":[{"href":"https:\/\/radio-aviva.com\/perpignan\/wp-json\/wp\/v2\/podcast\/6363","targetHints":{"allow":["GET"]}}],"collection":[{"href":"https:\/\/radio-aviva.com\/perpignan\/wp-json\/wp\/v2\/podcast"}],"about":[{"href":"https:\/\/radio-aviva.com\/perpignan\/wp-json\/wp\/v2\/types\/podcast"}],"author":[{"embeddable":true,"href":"https:\/\/radio-aviva.com\/perpignan\/wp-json\/wp\/v2\/users\/337"}],"version-history":[{"count":0,"href":"https:\/\/radio-aviva.com\/perpignan\/wp-json\/wp\/v2\/podcast\/6363\/revisions"}],"wp:featuredmedia":[{"embeddable":true,"href":"https:\/\/radio-aviva.com\/perpignan\/wp-json\/wp\/v2\/media\/6365"}],"wp:attachment":[{"href":"https:\/\/radio-aviva.com\/perpignan\/wp-json\/wp\/v2\/media?parent=6363"}],"wp:term":[{"taxonomy":"post_tag","embeddable":true,"href":"https:\/\/radio-aviva.com\/perpignan\/wp-json\/wp\/v2\/tags?post=6363"},{"taxonomy":"podcastfilter","embeddable":true,"href":"https:\/\/radio-aviva.com\/perpignan\/wp-json\/wp\/v2\/podcastfilter?post=6363"}],"curies":[{"name":"wp","href":"https:\/\/api.w.org\/{rel}","templated":true}]}}

<p><strong>Karine Laleu est venue nous parler du Labopéra méditerranée, un opéra coopératif, associant à l&rsquo;équipe professionnelle, des forces vives amateures du territoire et des jeunes issus de lycées professionnels au profit d&rsquo;un large public familial et néophyte.</strong></p>
