{"id":6374,"date":"2023-03-24T16:41:19","date_gmt":"2023-03-24T15:41:19","guid":{"rendered":"https:\/\/radio-aviva.com\/perpignan\/?post_type=podcast&#038;p=6374"},"modified":"2023-03-24T16:41:19","modified_gmt":"2023-03-24T15:41:19","slug":"celine-sala-pons-directrice-memorial-camp-de-rivesaltes-150323","status":"publish","type":"podcast","link":"https:\/\/radio-aviva.com\/perpignan\/podcast\/celine-sala-pons-directrice-memorial-camp-de-rivesaltes-150323\/","title":{"rendered":"CELINE SALA PONS, DIRECTRICE &#8211; MEMORIAL CAMP DE RIVESALTES &#8211; 150323"},"content":{"rendered":"<p>Le 15 mars dernier C\u00e9line SALA PONS s&rsquo;est confi\u00e9e, \u00e0 notre micro, sur les enjeux du r\u00f4le qu&rsquo;elle a endoss\u00e9 en tant que directrice du m\u00e9morial du camp de Rivesaltes.<\/p>\n","protected":false},"author":337,"featured_media":6372,"template":"","tags":[],"podcastfilter":[135,133,109],"class_list":["post-6374","podcast","type-podcast","status-publish","has-post-thumbnail","hentry","podcastfilter-linvite-de-la-redaction","podcastfilter-memoire","podcastfilter-perpignan"],"_links":{"self":[{"href":"https:\/\/radio-aviva.com\/perpignan\/wp-json\/wp\/v2\/podcast\/6374","targetHints":{"allow":["GET"]}}],"collection":[{"href":"https:\/\/radio-aviva.com\/perpignan\/wp-json\/wp\/v2\/podcast"}],"about":[{"href":"https:\/\/radio-aviva.com\/perpignan\/wp-json\/wp\/v2\/types\/podcast"}],"author":[{"embeddable":true,"href":"https:\/\/radio-aviva.com\/perpignan\/wp-json\/wp\/v2\/users\/337"}],"version-history":[{"count":0,"href":"https:\/\/radio-aviva.com\/perpignan\/wp-json\/wp\/v2\/podcast\/6374\/revisions"}],"wp:featuredmedia":[{"embeddable":true,"href":"https:\/\/radio-aviva.com\/perpignan\/wp-json\/wp\/v2\/media\/6372"}],"wp:attachment":[{"href":"https:\/\/radio-aviva.com\/perpignan\/wp-json\/wp\/v2\/media?parent=6374"}],"wp:term":[{"taxonomy":"post_tag","embeddable":true,"href":"https:\/\/radio-aviva.com\/perpignan\/wp-json\/wp\/v2\/tags?post=6374"},{"taxonomy":"podcastfilter","embeddable":true,"href":"https:\/\/radio-aviva.com\/perpignan\/wp-json\/wp\/v2\/podcastfilter?post=6374"}],"curies":[{"name":"wp","href":"https:\/\/api.w.org\/{rel}","templated":true}]}}

<p>Le 15 mars dernier Céline SALA PONS s&rsquo;est confiée, à notre micro, sur les enjeux du rôle qu&rsquo;elle a endossé en tant que directrice du mémorial du camp de Rivesaltes.</p>
