{"id":6398,"date":"2023-03-28T16:46:36","date_gmt":"2023-03-28T14:46:36","guid":{"rendered":"https:\/\/radio-aviva.com\/perpignan\/blog\/podcast\/campus-avec-liliane-dray-metiers-de-la-protection-sociale\/"},"modified":"2023-04-24T16:56:56","modified_gmt":"2023-04-24T14:56:56","slug":"campus-avec-liliane-dray-metiers-de-la-protection-sociale","status":"publish","type":"podcast","link":"https:\/\/radio-aviva.com\/perpignan\/podcast\/campus-avec-liliane-dray-metiers-de-la-protection-sociale\/","title":{"rendered":"CAMPUS &#8211; AVEC LILIANE DRAY &#8211; METIERS DE LA PROTECTION SOCIALE"},"content":{"rendered":"<p>&nbsp;<\/p>\n<p>Campus du Mardi 04 Avril 2023<\/p>\n<p>Dans cette rubrique on va d\u00e9couvrir des m\u00e9tiers de la <strong>protection sociale<\/strong>, peu connus par le grand public et dont on parle peu.<br \/>\n&#8211; Commen\u00e7ons par la <strong>s\u00e9curit\u00e9 sociale<\/strong>, qui est le premier service public fran\u00e7ais<br \/>\n&#8211; Alors quels sont les types de <strong>concours<\/strong>, pour quel public avec quels dipl\u00f4mes ?<br \/>\nD\u2019autres infos compl\u00e9mentaires sur ces m\u00e9tiers de la protection sociale en allant sur le site <strong>onisep.fr<\/strong><\/p>\n","protected":false},"author":1,"featured_media":0,"template":"","tags":[],"podcastfilter":[147,126,87],"class_list":["post-6398","podcast","type-podcast","status-publish","hentry","podcastfilter-campus","podcastfilter-education","podcastfilter-montpellier"],"_links":{"self":[{"href":"https:\/\/radio-aviva.com\/perpignan\/wp-json\/wp\/v2\/podcast\/6398","targetHints":{"allow":["GET"]}}],"collection":[{"href":"https:\/\/radio-aviva.com\/perpignan\/wp-json\/wp\/v2\/podcast"}],"about":[{"href":"https:\/\/radio-aviva.com\/perpignan\/wp-json\/wp\/v2\/types\/podcast"}],"author":[{"embeddable":true,"href":"https:\/\/radio-aviva.com\/perpignan\/wp-json\/wp\/v2\/users\/1"}],"version-history":[{"count":0,"href":"https:\/\/radio-aviva.com\/perpignan\/wp-json\/wp\/v2\/podcast\/6398\/revisions"}],"wp:attachment":[{"href":"https:\/\/radio-aviva.com\/perpignan\/wp-json\/wp\/v2\/media?parent=6398"}],"wp:term":[{"taxonomy":"post_tag","embeddable":true,"href":"https:\/\/radio-aviva.com\/perpignan\/wp-json\/wp\/v2\/tags?post=6398"},{"taxonomy":"podcastfilter","embeddable":true,"href":"https:\/\/radio-aviva.com\/perpignan\/wp-json\/wp\/v2\/podcastfilter?post=6398"}],"curies":[{"name":"wp","href":"https:\/\/api.w.org\/{rel}","templated":true}]}}

<p>&nbsp;</p>
<p>Campus du Mardi 04 Avril 2023</p>
<p>Dans cette rubrique on va découvrir des métiers de la <strong>protection sociale</strong>, peu connus par le grand public et dont on parle peu.<br />
&#8211; Commençons par la <strong>sécurité sociale</strong>, qui est le premier service public français<br />
&#8211; Alors quels sont les types de <strong>concours</strong>, pour quel public avec quels diplômes ?<br />
D’autres infos complémentaires sur ces métiers de la protection sociale en allant sur le site <strong>onisep.fr</strong></p>
