{"id":6408,"date":"2023-03-29T13:06:25","date_gmt":"2023-03-29T11:06:25","guid":{"rendered":"https:\/\/radio-aviva.com\/perpignan\/?post_type=podcast&#038;p=6408"},"modified":"2023-03-29T13:06:25","modified_gmt":"2023-03-29T11:06:25","slug":"emmanuel-castro-president-rotary-club-agly-actions-valeurs-fonctionnement-220323","status":"publish","type":"podcast","link":"https:\/\/radio-aviva.com\/perpignan\/podcast\/emmanuel-castro-president-rotary-club-agly-actions-valeurs-fonctionnement-220323\/","title":{"rendered":"EMMANUEL CASTRO , PRESIDENT ROTARY CLUB AGLY &#8211; ACTIONS, VALEURS &amp; FONCTIONNEMENT &#8211; 220323"},"content":{"rendered":"<p>Emmanuel CASTRO a pr\u00e9sent\u00e9, au micro de Radio Aviva, le Rotary Club Agly. Il nous a parl\u00e9 de l&rsquo;histoire et des valeurs du club mais il nous a \u00e9galement d\u00e9crit les diff\u00e9rentes actions men\u00e9es par le club.<\/p>\n","protected":false},"author":337,"featured_media":6409,"template":"","tags":[],"podcastfilter":[109,149,148],"class_list":["post-6408","podcast","type-podcast","status-publish","has-post-thumbnail","hentry","podcastfilter-perpignan","podcastfilter-solidarite","podcastfilter-voix-des-assos"],"_links":{"self":[{"href":"https:\/\/radio-aviva.com\/perpignan\/wp-json\/wp\/v2\/podcast\/6408","targetHints":{"allow":["GET"]}}],"collection":[{"href":"https:\/\/radio-aviva.com\/perpignan\/wp-json\/wp\/v2\/podcast"}],"about":[{"href":"https:\/\/radio-aviva.com\/perpignan\/wp-json\/wp\/v2\/types\/podcast"}],"author":[{"embeddable":true,"href":"https:\/\/radio-aviva.com\/perpignan\/wp-json\/wp\/v2\/users\/337"}],"version-history":[{"count":0,"href":"https:\/\/radio-aviva.com\/perpignan\/wp-json\/wp\/v2\/podcast\/6408\/revisions"}],"wp:featuredmedia":[{"embeddable":true,"href":"https:\/\/radio-aviva.com\/perpignan\/wp-json\/wp\/v2\/media\/6409"}],"wp:attachment":[{"href":"https:\/\/radio-aviva.com\/perpignan\/wp-json\/wp\/v2\/media?parent=6408"}],"wp:term":[{"taxonomy":"post_tag","embeddable":true,"href":"https:\/\/radio-aviva.com\/perpignan\/wp-json\/wp\/v2\/tags?post=6408"},{"taxonomy":"podcastfilter","embeddable":true,"href":"https:\/\/radio-aviva.com\/perpignan\/wp-json\/wp\/v2\/podcastfilter?post=6408"}],"curies":[{"name":"wp","href":"https:\/\/api.w.org\/{rel}","templated":true}]}}

<p>Emmanuel CASTRO a présenté, au micro de Radio Aviva, le Rotary Club Agly. Il nous a parlé de l&rsquo;histoire et des valeurs du club mais il nous a également décrit les différentes actions menées par le club.</p>
