{"id":6411,"date":"2023-03-29T13:29:10","date_gmt":"2023-03-29T11:29:10","guid":{"rendered":"https:\/\/radio-aviva.com\/perpignan\/?post_type=podcast&#038;p=6411"},"modified":"2023-03-29T13:29:10","modified_gmt":"2023-03-29T11:29:10","slug":"kees-baker-dir-institut-jean-vigo-histoire-valeurs-missions-280323","status":"publish","type":"podcast","link":"https:\/\/radio-aviva.com\/perpignan\/podcast\/kees-baker-dir-institut-jean-vigo-histoire-valeurs-missions-280323\/","title":{"rendered":"KEES BAKER , DIR INSTITUT JEAN VIGO &#8211; HISTOIRE, VALEURS &amp; MISSIONS &#8211; 280323"},"content":{"rendered":"<p>Mardi 28 Mars, Kees BAKER est venu aux studios de Radio Aviva pour parler des origines de l&rsquo;Institut Jean Vigo. Il nous a \u00e9galement d\u00e9crit les diff\u00e9rentes activit\u00e9s de l&rsquo;institut, de la conservation du patrimoine filmique aux actions p\u00e9dagogiques.<\/p>\n","protected":false},"author":337,"featured_media":6412,"template":"","tags":[],"podcastfilter":[128,126,150,151,109,140],"class_list":["post-6411","podcast","type-podcast","status-publish","has-post-thumbnail","hentry","podcastfilter-cinema","podcastfilter-education","podcastfilter-entracte","podcastfilter-patrimoine","podcastfilter-perpignan","podcastfilter-programmation-culturelle"],"_links":{"self":[{"href":"https:\/\/radio-aviva.com\/perpignan\/wp-json\/wp\/v2\/podcast\/6411","targetHints":{"allow":["GET"]}}],"collection":[{"href":"https:\/\/radio-aviva.com\/perpignan\/wp-json\/wp\/v2\/podcast"}],"about":[{"href":"https:\/\/radio-aviva.com\/perpignan\/wp-json\/wp\/v2\/types\/podcast"}],"author":[{"embeddable":true,"href":"https:\/\/radio-aviva.com\/perpignan\/wp-json\/wp\/v2\/users\/337"}],"version-history":[{"count":0,"href":"https:\/\/radio-aviva.com\/perpignan\/wp-json\/wp\/v2\/podcast\/6411\/revisions"}],"wp:featuredmedia":[{"embeddable":true,"href":"https:\/\/radio-aviva.com\/perpignan\/wp-json\/wp\/v2\/media\/6412"}],"wp:attachment":[{"href":"https:\/\/radio-aviva.com\/perpignan\/wp-json\/wp\/v2\/media?parent=6411"}],"wp:term":[{"taxonomy":"post_tag","embeddable":true,"href":"https:\/\/radio-aviva.com\/perpignan\/wp-json\/wp\/v2\/tags?post=6411"},{"taxonomy":"podcastfilter","embeddable":true,"href":"https:\/\/radio-aviva.com\/perpignan\/wp-json\/wp\/v2\/podcastfilter?post=6411"}],"curies":[{"name":"wp","href":"https:\/\/api.w.org\/{rel}","templated":true}]}}

<p>Mardi 28 Mars, Kees BAKER est venu aux studios de Radio Aviva pour parler des origines de l&rsquo;Institut Jean Vigo. Il nous a également décrit les différentes activités de l&rsquo;institut, de la conservation du patrimoine filmique aux actions pédagogiques.</p>
