{"id":6425,"date":"2023-04-03T14:59:40","date_gmt":"2023-04-03T12:59:40","guid":{"rendered":"https:\/\/radio-aviva.com\/perpignan\/?post_type=podcast&#038;p=6425"},"modified":"2023-04-04T17:25:47","modified_gmt":"2023-04-04T15:25:47","slug":"etienne-firobind-responsable-programmation-institut-jean-vigo-280323","status":"publish","type":"podcast","link":"https:\/\/radio-aviva.com\/perpignan\/podcast\/etienne-firobind-responsable-programmation-institut-jean-vigo-280323\/","title":{"rendered":"ETIENNE FIROBIND, RESPONSABLE PROGRAMMATION &#8211; INSTITUT JEAN VIGO &#8211; 280323"},"content":{"rendered":"<p>Mardi 28 mars, Etienne FIROBIND est venu \u00e9changer avec nous sur le dernier cycle programm\u00e9 par l&rsquo;Institut Jean Vigo. Il sera consacr\u00e9 aux films de vampires.<\/p>\n","protected":false},"author":337,"featured_media":6367,"template":"","tags":[],"podcastfilter":[86,128,127,109,140],"class_list":["post-6425","podcast","type-podcast","status-publish","has-post-thumbnail","hentry","podcastfilter-art","podcastfilter-cinema","podcastfilter-culture-et-compagnie","podcastfilter-perpignan","podcastfilter-programmation-culturelle"],"_links":{"self":[{"href":"https:\/\/radio-aviva.com\/perpignan\/wp-json\/wp\/v2\/podcast\/6425","targetHints":{"allow":["GET"]}}],"collection":[{"href":"https:\/\/radio-aviva.com\/perpignan\/wp-json\/wp\/v2\/podcast"}],"about":[{"href":"https:\/\/radio-aviva.com\/perpignan\/wp-json\/wp\/v2\/types\/podcast"}],"author":[{"embeddable":true,"href":"https:\/\/radio-aviva.com\/perpignan\/wp-json\/wp\/v2\/users\/337"}],"version-history":[{"count":0,"href":"https:\/\/radio-aviva.com\/perpignan\/wp-json\/wp\/v2\/podcast\/6425\/revisions"}],"wp:featuredmedia":[{"embeddable":true,"href":"https:\/\/radio-aviva.com\/perpignan\/wp-json\/wp\/v2\/media\/6367"}],"wp:attachment":[{"href":"https:\/\/radio-aviva.com\/perpignan\/wp-json\/wp\/v2\/media?parent=6425"}],"wp:term":[{"taxonomy":"post_tag","embeddable":true,"href":"https:\/\/radio-aviva.com\/perpignan\/wp-json\/wp\/v2\/tags?post=6425"},{"taxonomy":"podcastfilter","embeddable":true,"href":"https:\/\/radio-aviva.com\/perpignan\/wp-json\/wp\/v2\/podcastfilter?post=6425"}],"curies":[{"name":"wp","href":"https:\/\/api.w.org\/{rel}","templated":true}]}}

<p>Mardi 28 mars, Etienne FIROBIND est venu échanger avec nous sur le dernier cycle programmé par l&rsquo;Institut Jean Vigo. Il sera consacré aux films de vampires.</p>
