{"id":6427,"date":"2023-04-07T13:47:27","date_gmt":"2023-04-07T11:47:27","guid":{"rendered":"https:\/\/radio-aviva.com\/perpignan\/?post_type=podcast&#038;p=6427"},"modified":"2023-04-07T13:47:27","modified_gmt":"2023-04-07T11:47:27","slug":"fabrice-pruja-pdt-cpme-bernard-massas-pdt-cpme-soiree-passation-de-pouvoir-300323","status":"publish","type":"podcast","link":"https:\/\/radio-aviva.com\/perpignan\/podcast\/fabrice-pruja-pdt-cpme-bernard-massas-pdt-cpme-soiree-passation-de-pouvoir-300323\/","title":{"rendered":"FABRICE PRUJA, PDT CPME, BERNARD MASSAS, PDT CPME &#8211; SOIREE PASSATION DE POUVOIR &#8211; 300323"},"content":{"rendered":"<p>Mardi 28 mars, Radio Aviva s\u2019est rendue \u00e0 la soir\u00e9e Eco organis\u00e9e par la CPME des Pyr\u00e9n\u00e9es Orientales. L\u2019occasion pour Bernard Massas de c\u00e9l\u00e9brer la fin de sa mandature en qualit\u00e9 de Pr\u00e9sident de la CPME 66.<\/p>\n","protected":false},"author":337,"featured_media":6428,"template":"","tags":[],"podcastfilter":[145,109],"class_list":["post-6427","podcast","type-podcast","status-publish","has-post-thumbnail","hentry","podcastfilter-mag-de-la-redac","podcastfilter-perpignan"],"_links":{"self":[{"href":"https:\/\/radio-aviva.com\/perpignan\/wp-json\/wp\/v2\/podcast\/6427","targetHints":{"allow":["GET"]}}],"collection":[{"href":"https:\/\/radio-aviva.com\/perpignan\/wp-json\/wp\/v2\/podcast"}],"about":[{"href":"https:\/\/radio-aviva.com\/perpignan\/wp-json\/wp\/v2\/types\/podcast"}],"author":[{"embeddable":true,"href":"https:\/\/radio-aviva.com\/perpignan\/wp-json\/wp\/v2\/users\/337"}],"version-history":[{"count":0,"href":"https:\/\/radio-aviva.com\/perpignan\/wp-json\/wp\/v2\/podcast\/6427\/revisions"}],"wp:featuredmedia":[{"embeddable":true,"href":"https:\/\/radio-aviva.com\/perpignan\/wp-json\/wp\/v2\/media\/6428"}],"wp:attachment":[{"href":"https:\/\/radio-aviva.com\/perpignan\/wp-json\/wp\/v2\/media?parent=6427"}],"wp:term":[{"taxonomy":"post_tag","embeddable":true,"href":"https:\/\/radio-aviva.com\/perpignan\/wp-json\/wp\/v2\/tags?post=6427"},{"taxonomy":"podcastfilter","embeddable":true,"href":"https:\/\/radio-aviva.com\/perpignan\/wp-json\/wp\/v2\/podcastfilter?post=6427"}],"curies":[{"name":"wp","href":"https:\/\/api.w.org\/{rel}","templated":true}]}}

<p>Mardi 28 mars, Radio Aviva s’est rendue à la soirée Eco organisée par la CPME des Pyrénées Orientales. L’occasion pour Bernard Massas de célébrer la fin de sa mandature en qualité de Président de la CPME 66.</p>
