{"id":6429,"date":"2023-04-07T14:20:51","date_gmt":"2023-04-07T12:20:51","guid":{"rendered":"https:\/\/radio-aviva.com\/perpignan\/?post_type=podcast&#038;p=6429"},"modified":"2024-05-22T11:17:27","modified_gmt":"2024-05-22T09:17:27","slug":"guy-bessieres-president-les-amis-de-legypte-ancienne-conference-verites-et-legendes-de-legypte-ancienne-290323","status":"publish","type":"podcast","link":"https:\/\/radio-aviva.com\/perpignan\/podcast\/guy-bessieres-president-les-amis-de-legypte-ancienne-conference-verites-et-legendes-de-legypte-ancienne-290323\/","title":{"rendered":"GUY BESSIERES, PRESIDENT LES AMIS DE L&rsquo;EGYPTE ANCIENNE &#8211; CONFERENCE VERITES ET LEGENDES DE L&rsquo;EGYPTE ANCIENNE &#8211; 290323"},"content":{"rendered":"<p>Mercredi 29 mars, Guy BESSIERES nous a pr\u00e9sent\u00e9 la derni\u00e8re conf\u00e9rence de l&rsquo;association \u00ab\u00a0Les amis de l&rsquo;Egypte ancienne\u00a0\u00bb pendant laquelle l\u2019\u00e9gyptologue Florence Quentin \u00e9clairera des points moins connus de l&rsquo;Histoire.<\/p>\n","protected":false},"author":337,"featured_media":6430,"template":"","tags":[],"podcastfilter":[144,139,109],"class_list":["post-6429","podcast","type-podcast","status-publish","has-post-thumbnail","hentry","podcastfilter-histoire","podcastfilter-linvite-de-la-matinale","podcastfilter-perpignan"],"_links":{"self":[{"href":"https:\/\/radio-aviva.com\/perpignan\/wp-json\/wp\/v2\/podcast\/6429","targetHints":{"allow":["GET"]}}],"collection":[{"href":"https:\/\/radio-aviva.com\/perpignan\/wp-json\/wp\/v2\/podcast"}],"about":[{"href":"https:\/\/radio-aviva.com\/perpignan\/wp-json\/wp\/v2\/types\/podcast"}],"author":[{"embeddable":true,"href":"https:\/\/radio-aviva.com\/perpignan\/wp-json\/wp\/v2\/users\/337"}],"version-history":[{"count":1,"href":"https:\/\/radio-aviva.com\/perpignan\/wp-json\/wp\/v2\/podcast\/6429\/revisions"}],"predecessor-version":[{"id":9172,"href":"https:\/\/radio-aviva.com\/perpignan\/wp-json\/wp\/v2\/podcast\/6429\/revisions\/9172"}],"wp:featuredmedia":[{"embeddable":true,"href":"https:\/\/radio-aviva.com\/perpignan\/wp-json\/wp\/v2\/media\/6430"}],"wp:attachment":[{"href":"https:\/\/radio-aviva.com\/perpignan\/wp-json\/wp\/v2\/media?parent=6429"}],"wp:term":[{"taxonomy":"post_tag","embeddable":true,"href":"https:\/\/radio-aviva.com\/perpignan\/wp-json\/wp\/v2\/tags?post=6429"},{"taxonomy":"podcastfilter","embeddable":true,"href":"https:\/\/radio-aviva.com\/perpignan\/wp-json\/wp\/v2\/podcastfilter?post=6429"}],"curies":[{"name":"wp","href":"https:\/\/api.w.org\/{rel}","templated":true}]}}

<p>Mercredi 29 mars, Guy BESSIERES nous a présenté la dernière conférence de l&rsquo;association « Les amis de l&rsquo;Egypte ancienne » pendant laquelle l’égyptologue Florence Quentin éclairera des points moins connus de l&rsquo;Histoire.</p>
