{"id":6481,"date":"2023-04-17T15:10:18","date_gmt":"2023-04-17T13:10:18","guid":{"rendered":"https:\/\/radio-aviva.com\/perpignan\/?post_type=podcast&#038;p=6481"},"modified":"2023-04-17T15:10:18","modified_gmt":"2023-04-17T13:10:18","slug":"dany-lapointe-programmatrice-du-festival-printival","status":"publish","type":"podcast","link":"https:\/\/radio-aviva.com\/perpignan\/podcast\/dany-lapointe-programmatrice-du-festival-printival\/","title":{"rendered":"DANY LAPOINTE, PROGRAMMATRICE DU FESTIVAL PRINTIVAL"},"content":{"rendered":"<p>&nbsp;<\/p>\n<p>Du 25 au 29 avril, l\u2019embl\u00e9matique marini\u00e8re de <strong>Boby Lapointe<\/strong> sera de sortie dans les ruelles de <strong>P\u00e9zenas <\/strong>: le <strong>Printi\u2019<\/strong> revient pour 5 jours de festival. Artistes confirm\u00e9.e.s et nouveaux talents se c\u00f4toieront sur les sc\u00e8nes pisc\u00e9noises ; de l\u2019historique Th\u00e9\u00e2tre de P\u00e9zenas, \u00e0 l\u2019ancien bain-douche du Foyer des Campagnes, en passant par la jolie Place Gambetta, le <strong>Printival<\/strong>, c\u2019est le rendez-vous des artistes et des amoureux de la chanson.<\/p>\n<p>Pour en parler, <strong>Killian BARTOK<\/strong> re\u00e7oit, ce Dimanche 23 Avril, <strong>Dany LAPOINTE<\/strong>, programmatrice du festival <strong>PRINTIVAL<\/strong>.<\/p>\n","protected":false},"author":1,"featured_media":6482,"template":"","tags":[],"podcastfilter":[165,134,166,167,87,88,108,109],"class_list":["post-6481","podcast","type-podcast","status-publish","has-post-thumbnail","hentry","podcastfilter-culture-compagnie","podcastfilter-exposition","podcastfilter-femme","podcastfilter-festival","podcastfilter-montpellier","podcastfilter-musique","podcastfilter-nimes","podcastfilter-perpignan"],"_links":{"self":[{"href":"https:\/\/radio-aviva.com\/perpignan\/wp-json\/wp\/v2\/podcast\/6481","targetHints":{"allow":["GET"]}}],"collection":[{"href":"https:\/\/radio-aviva.com\/perpignan\/wp-json\/wp\/v2\/podcast"}],"about":[{"href":"https:\/\/radio-aviva.com\/perpignan\/wp-json\/wp\/v2\/types\/podcast"}],"author":[{"embeddable":true,"href":"https:\/\/radio-aviva.com\/perpignan\/wp-json\/wp\/v2\/users\/1"}],"version-history":[{"count":0,"href":"https:\/\/radio-aviva.com\/perpignan\/wp-json\/wp\/v2\/podcast\/6481\/revisions"}],"wp:featuredmedia":[{"embeddable":true,"href":"https:\/\/radio-aviva.com\/perpignan\/wp-json\/wp\/v2\/media\/6482"}],"wp:attachment":[{"href":"https:\/\/radio-aviva.com\/perpignan\/wp-json\/wp\/v2\/media?parent=6481"}],"wp:term":[{"taxonomy":"post_tag","embeddable":true,"href":"https:\/\/radio-aviva.com\/perpignan\/wp-json\/wp\/v2\/tags?post=6481"},{"taxonomy":"podcastfilter","embeddable":true,"href":"https:\/\/radio-aviva.com\/perpignan\/wp-json\/wp\/v2\/podcastfilter?post=6481"}],"curies":[{"name":"wp","href":"https:\/\/api.w.org\/{rel}","templated":true}]}}

<p>&nbsp;</p>
<p>Du 25 au 29 avril, l’emblématique marinière de <strong>Boby Lapointe</strong> sera de sortie dans les ruelles de <strong>Pézenas </strong>: le <strong>Printi’</strong> revient pour 5 jours de festival. Artistes confirmé.e.s et nouveaux talents se côtoieront sur les scènes piscénoises ; de l’historique Théâtre de Pézenas, à l’ancien bain-douche du Foyer des Campagnes, en passant par la jolie Place Gambetta, le <strong>Printival</strong>, c’est le rendez-vous des artistes et des amoureux de la chanson.</p>
<p>Pour en parler, <strong>Killian BARTOK</strong> reçoit, ce Dimanche 23 Avril, <strong>Dany LAPOINTE</strong>, programmatrice du festival <strong>PRINTIVAL</strong>.</p>
