{"id":6491,"date":"2023-04-19T08:24:55","date_gmt":"2023-04-19T06:24:55","guid":{"rendered":"https:\/\/radio-aviva.com\/perpignan\/?post_type=podcast&#038;p=6491"},"modified":"2023-04-24T15:35:03","modified_gmt":"2023-04-24T13:35:03","slug":"francoise-royes-responsable-prog-la-boite-a-rire-290323","status":"publish","type":"podcast","link":"https:\/\/radio-aviva.com\/perpignan\/podcast\/francoise-royes-responsable-prog-la-boite-a-rire-290323\/","title":{"rendered":"FRANCOISE ROYES, RESPONSABLE PROG &#8211; LA BOITE A RIRE &#8211; 290323"},"content":{"rendered":"<p>Le 29 mars 2023, Fran\u00e7oise ROYES, Responsable de la Programmation, est venue nous parler de la Bo\u00eete \u00e0 Rire. Elle est revenue, avec nous, sur l&rsquo;histoire de la structure. Nous avons \u00e9chang\u00e9 sur les raisons qui animent l&rsquo;\u00e9quipe \u00e0 tenir ce lieu de com\u00e9die.<\/p>\n","protected":false},"author":337,"featured_media":6492,"template":"","tags":[],"podcastfilter":[155,129,165,109,140,131],"class_list":["post-6491","podcast","type-podcast","status-publish","has-post-thumbnail","hentry","podcastfilter-comedie","podcastfilter-comedien","podcastfilter-culture-compagnie","podcastfilter-perpignan","podcastfilter-programmation-culturelle","podcastfilter-theatre"],"_links":{"self":[{"href":"https:\/\/radio-aviva.com\/perpignan\/wp-json\/wp\/v2\/podcast\/6491","targetHints":{"allow":["GET"]}}],"collection":[{"href":"https:\/\/radio-aviva.com\/perpignan\/wp-json\/wp\/v2\/podcast"}],"about":[{"href":"https:\/\/radio-aviva.com\/perpignan\/wp-json\/wp\/v2\/types\/podcast"}],"author":[{"embeddable":true,"href":"https:\/\/radio-aviva.com\/perpignan\/wp-json\/wp\/v2\/users\/337"}],"version-history":[{"count":0,"href":"https:\/\/radio-aviva.com\/perpignan\/wp-json\/wp\/v2\/podcast\/6491\/revisions"}],"wp:featuredmedia":[{"embeddable":true,"href":"https:\/\/radio-aviva.com\/perpignan\/wp-json\/wp\/v2\/media\/6492"}],"wp:attachment":[{"href":"https:\/\/radio-aviva.com\/perpignan\/wp-json\/wp\/v2\/media?parent=6491"}],"wp:term":[{"taxonomy":"post_tag","embeddable":true,"href":"https:\/\/radio-aviva.com\/perpignan\/wp-json\/wp\/v2\/tags?post=6491"},{"taxonomy":"podcastfilter","embeddable":true,"href":"https:\/\/radio-aviva.com\/perpignan\/wp-json\/wp\/v2\/podcastfilter?post=6491"}],"curies":[{"name":"wp","href":"https:\/\/api.w.org\/{rel}","templated":true}]}}

<p>Le 29 mars 2023, Françoise ROYES, Responsable de la Programmation, est venue nous parler de la Boîte à Rire. Elle est revenue, avec nous, sur l&rsquo;histoire de la structure. Nous avons échangé sur les raisons qui animent l&rsquo;équipe à tenir ce lieu de comédie.</p>
