{"id":6493,"date":"2023-04-19T08:35:30","date_gmt":"2023-04-19T06:35:30","guid":{"rendered":"https:\/\/radio-aviva.com\/perpignan\/?post_type=podcast&#038;p=6493"},"modified":"2024-05-20T11:20:36","modified_gmt":"2024-05-20T09:20:36","slug":"pascal-ferro-dir-culture-mairie-canet-en-roussillon-theatre-jean-piat-130423","status":"publish","type":"podcast","link":"https:\/\/radio-aviva.com\/perpignan\/podcast\/pascal-ferro-dir-culture-mairie-canet-en-roussillon-theatre-jean-piat-130423\/","title":{"rendered":"PASCAL FERRO, DIR CULTURE MAIRIE CANET EN ROUSSILLON &#8211; THEATRE JEAN PIAT &#8211; 130423"},"content":{"rendered":"<p>Le 13 avril 2023, Pascal FERRO, est venu aux studios de Radio Aviva pour nous parler de la programmation culturelle de la ville de Canet. Il nous a d\u00e9taill\u00e9 le fonctionnement du Th\u00e9\u00e2tre Jean Piat.<\/p>\n","protected":false},"author":337,"featured_media":6494,"template":"","tags":[],"podcastfilter":[170,168,129,165,140,180],"class_list":["post-6493","podcast","type-podcast","status-publish","has-post-thumbnail","hentry","podcastfilter-actions-culturelles","podcastfilter-artiste","podcastfilter-comedien","podcastfilter-culture-compagnie","podcastfilter-programmation-culturelle","podcastfilter-pyrenees-orientales"],"_links":{"self":[{"href":"https:\/\/radio-aviva.com\/perpignan\/wp-json\/wp\/v2\/podcast\/6493","targetHints":{"allow":["GET"]}}],"collection":[{"href":"https:\/\/radio-aviva.com\/perpignan\/wp-json\/wp\/v2\/podcast"}],"about":[{"href":"https:\/\/radio-aviva.com\/perpignan\/wp-json\/wp\/v2\/types\/podcast"}],"author":[{"embeddable":true,"href":"https:\/\/radio-aviva.com\/perpignan\/wp-json\/wp\/v2\/users\/337"}],"version-history":[{"count":1,"href":"https:\/\/radio-aviva.com\/perpignan\/wp-json\/wp\/v2\/podcast\/6493\/revisions"}],"predecessor-version":[{"id":9116,"href":"https:\/\/radio-aviva.com\/perpignan\/wp-json\/wp\/v2\/podcast\/6493\/revisions\/9116"}],"wp:featuredmedia":[{"embeddable":true,"href":"https:\/\/radio-aviva.com\/perpignan\/wp-json\/wp\/v2\/media\/6494"}],"wp:attachment":[{"href":"https:\/\/radio-aviva.com\/perpignan\/wp-json\/wp\/v2\/media?parent=6493"}],"wp:term":[{"taxonomy":"post_tag","embeddable":true,"href":"https:\/\/radio-aviva.com\/perpignan\/wp-json\/wp\/v2\/tags?post=6493"},{"taxonomy":"podcastfilter","embeddable":true,"href":"https:\/\/radio-aviva.com\/perpignan\/wp-json\/wp\/v2\/podcastfilter?post=6493"}],"curies":[{"name":"wp","href":"https:\/\/api.w.org\/{rel}","templated":true}]}}

<p>Le 13 avril 2023, Pascal FERRO, est venu aux studios de Radio Aviva pour nous parler de la programmation culturelle de la ville de Canet. Il nous a détaillé le fonctionnement du Théâtre Jean Piat.</p>
