{"id":6525,"date":"2023-04-25T14:59:08","date_gmt":"2023-04-25T12:59:08","guid":{"rendered":"https:\/\/radio-aviva.com\/perpignan\/?post_type=podcast&#038;p=6525"},"modified":"2023-04-25T14:59:08","modified_gmt":"2023-04-25T12:59:08","slug":"rodrigue-furcy-prefet-des-p-o-jean-marc-eisele-responsable-de-projet-chez-onf-energie-mediterranee-eric-belgiono-directeur-departemental-sdis-des-p-o-lutte-contre-les-feux-de-foret","status":"publish","type":"podcast","link":"https:\/\/radio-aviva.com\/perpignan\/podcast\/rodrigue-furcy-prefet-des-p-o-jean-marc-eisele-responsable-de-projet-chez-onf-energie-mediterranee-eric-belgiono-directeur-departemental-sdis-des-p-o-lutte-contre-les-feux-de-foret\/","title":{"rendered":"RODRIGUE FURCY, PR\u00c9FET DES P-O, JEAN MARC EISELE, RESPONSABLE DE PROJET CHEZ ONF ENERGIE MEDITERRANEE, ERIC BELGIONO, DIRECTEUR D\u00c9PARTEMENTAL SDIS DES P-O &#8211; LUTTE CONTRE LES FEUX DE FOR\u00caT"},"content":{"rendered":"<p>Dans un contexte marqu\u00e9 par de tr\u00e8s fortes tensions sur les ressources en eau et de s\u00e9cheresse des sols, Monsieur le pr\u00e9fet, <strong>Rodrigue FURCY<\/strong> et Madame la pr\u00e9sidente du conseil d\u2019administration du SDIS, <strong>Hermeline MALHERBE<\/strong> pr\u00e9senteront les d\u00e9cisions prises dans le cadre de ce plan d\u2019actions, en pr\u00e9sence de M. <strong>Patrick SARDA<\/strong>, maire d\u2019<strong>Opoul<\/strong>, de M. <strong>Edmond JORDA<\/strong>, pr\u00e9sident de l\u2019association des maires, du colonel <strong>Eric BELGIONO<\/strong>, directeur du <strong>SDIS<\/strong>, des services de la pr\u00e9fecture, de la DDTM et de l\u2019ONF.<\/p>\n","protected":false},"author":1,"featured_media":6526,"template":"","tags":[],"podcastfilter":[143,145,109],"class_list":["post-6525","podcast","type-podcast","status-publish","has-post-thumbnail","hentry","podcastfilter-environnement","podcastfilter-mag-de-la-redac","podcastfilter-perpignan"],"_links":{"self":[{"href":"https:\/\/radio-aviva.com\/perpignan\/wp-json\/wp\/v2\/podcast\/6525","targetHints":{"allow":["GET"]}}],"collection":[{"href":"https:\/\/radio-aviva.com\/perpignan\/wp-json\/wp\/v2\/podcast"}],"about":[{"href":"https:\/\/radio-aviva.com\/perpignan\/wp-json\/wp\/v2\/types\/podcast"}],"author":[{"embeddable":true,"href":"https:\/\/radio-aviva.com\/perpignan\/wp-json\/wp\/v2\/users\/1"}],"version-history":[{"count":0,"href":"https:\/\/radio-aviva.com\/perpignan\/wp-json\/wp\/v2\/podcast\/6525\/revisions"}],"wp:featuredmedia":[{"embeddable":true,"href":"https:\/\/radio-aviva.com\/perpignan\/wp-json\/wp\/v2\/media\/6526"}],"wp:attachment":[{"href":"https:\/\/radio-aviva.com\/perpignan\/wp-json\/wp\/v2\/media?parent=6525"}],"wp:term":[{"taxonomy":"post_tag","embeddable":true,"href":"https:\/\/radio-aviva.com\/perpignan\/wp-json\/wp\/v2\/tags?post=6525"},{"taxonomy":"podcastfilter","embeddable":true,"href":"https:\/\/radio-aviva.com\/perpignan\/wp-json\/wp\/v2\/podcastfilter?post=6525"}],"curies":[{"name":"wp","href":"https:\/\/api.w.org\/{rel}","templated":true}]}}

RODRIGUE FURCY, PRÉFET DES P-O, JEAN MARC EISELE, RESPONSABLE DE PROJET CHEZ ONF ENERGIE MEDITERRANEE, ERIC BELGIONO, DIRECTEUR DÉPARTEMENTAL SDIS DES P-O &#8211; LUTTE CONTRE LES FEUX DE FORÊT

<p>Dans un contexte marqué par de très fortes tensions sur les ressources en eau et de sécheresse des sols, Monsieur le préfet, <strong>Rodrigue FURCY</strong> et Madame la présidente du conseil d’administration du SDIS, <strong>Hermeline MALHERBE</strong> présenteront les décisions prises dans le cadre de ce plan d’actions, en présence de M. <strong>Patrick SARDA</strong>, maire d’<strong>Opoul</strong>, de M. <strong>Edmond JORDA</strong>, président de l’association des maires, du colonel <strong>Eric BELGIONO</strong>, directeur du <strong>SDIS</strong>, des services de la préfecture, de la DDTM et de l’ONF.</p>
