{"id":6547,"date":"2023-04-26T17:23:02","date_gmt":"2023-04-26T15:23:02","guid":{"rendered":"https:\/\/radio-aviva.com\/perpignan\/?post_type=podcast&#038;p=6547"},"modified":"2023-04-26T17:23:02","modified_gmt":"2023-04-26T15:23:02","slug":"pascal-ferro-dir-culture-canet-en-roussillon-evenements-a-canet-en-roussillon-200423","status":"publish","type":"podcast","link":"https:\/\/radio-aviva.com\/perpignan\/podcast\/pascal-ferro-dir-culture-canet-en-roussillon-evenements-a-canet-en-roussillon-200423\/","title":{"rendered":"PASCAL FERRO, DIR CULTURE CANET EN ROUSSILLON &#8211; EVENEMENTS A CANET EN ROUSSILLON &#8211; 200423"},"content":{"rendered":"<p>Le 20 avril 2023, Pascal FERRO, Directeur de la culture de Canet en Roussillon est venu au micro de Radio Aviva pour pr\u00e9senter le concert de printemps, \u00ab\u00a0Partis \u00e0 jamais\u00a0\u00bb, du Th\u00e9\u00e2tre Jean Piat. Deux grands compositeurs, Kurt WEILL et Serge RACHMANINOV , pouss\u00e9s \u00e0 l&rsquo;exil, \u00ab\u00a0Partis \u00e0 jamais\u00a0\u00bb, \u00e9taient interpr\u00e9t\u00e9s par l&rsquo;orchestre symphonique Canet M\u00e9diterran\u00e9e, sous la direction de Fran\u00e7ois RAGOT.<\/p>\n","protected":false},"author":337,"featured_media":6548,"template":"","tags":[],"podcastfilter":[86,168,88,131],"class_list":["post-6547","podcast","type-podcast","status-publish","has-post-thumbnail","hentry","podcastfilter-art","podcastfilter-artiste","podcastfilter-musique","podcastfilter-theatre"],"_links":{"self":[{"href":"https:\/\/radio-aviva.com\/perpignan\/wp-json\/wp\/v2\/podcast\/6547","targetHints":{"allow":["GET"]}}],"collection":[{"href":"https:\/\/radio-aviva.com\/perpignan\/wp-json\/wp\/v2\/podcast"}],"about":[{"href":"https:\/\/radio-aviva.com\/perpignan\/wp-json\/wp\/v2\/types\/podcast"}],"author":[{"embeddable":true,"href":"https:\/\/radio-aviva.com\/perpignan\/wp-json\/wp\/v2\/users\/337"}],"version-history":[{"count":0,"href":"https:\/\/radio-aviva.com\/perpignan\/wp-json\/wp\/v2\/podcast\/6547\/revisions"}],"wp:featuredmedia":[{"embeddable":true,"href":"https:\/\/radio-aviva.com\/perpignan\/wp-json\/wp\/v2\/media\/6548"}],"wp:attachment":[{"href":"https:\/\/radio-aviva.com\/perpignan\/wp-json\/wp\/v2\/media?parent=6547"}],"wp:term":[{"taxonomy":"post_tag","embeddable":true,"href":"https:\/\/radio-aviva.com\/perpignan\/wp-json\/wp\/v2\/tags?post=6547"},{"taxonomy":"podcastfilter","embeddable":true,"href":"https:\/\/radio-aviva.com\/perpignan\/wp-json\/wp\/v2\/podcastfilter?post=6547"}],"curies":[{"name":"wp","href":"https:\/\/api.w.org\/{rel}","templated":true}]}}

<p>Le 20 avril 2023, Pascal FERRO, Directeur de la culture de Canet en Roussillon est venu au micro de Radio Aviva pour présenter le concert de printemps, « Partis à jamais », du Théâtre Jean Piat. Deux grands compositeurs, Kurt WEILL et Serge RACHMANINOV , poussés à l&rsquo;exil, « Partis à jamais », étaient interprétés par l&rsquo;orchestre symphonique Canet Méditerranée, sous la direction de François RAGOT.</p>
