{"id":6561,"date":"2023-04-28T13:40:48","date_gmt":"2023-04-28T11:40:48","guid":{"rendered":"https:\/\/radio-aviva.com\/perpignan\/?post_type=podcast&#038;p=6561"},"modified":"2024-05-20T11:10:40","modified_gmt":"2024-05-20T09:10:40","slug":"alain-apvrille-coordinateur-cine-rencontres-de-prades-journee-du-court-metrage-110423","status":"publish","type":"podcast","link":"https:\/\/radio-aviva.com\/perpignan\/podcast\/alain-apvrille-coordinateur-cine-rencontres-de-prades-journee-du-court-metrage-110423\/","title":{"rendered":"ALAIN APVRILLE, COORDINATEUR CINE RENCONTRES DE PRADES &#8211; JOURNEE DU COURT METRAGE &#8211; 110423"},"content":{"rendered":"<p>Les Cin\u00e9-Rencontres de Prades ont organis\u00e9 la journ\u00e9e du court-m\u00e9trage \u00e0 Taurinya et c&rsquo;est Alain APVRILLE, coordinateur des Cin\u00e9-Rencontres de Prades qui est venu nous en parler, ce 11 avril 2023.<\/p>\n","protected":false},"author":337,"featured_media":6563,"template":"","tags":[],"podcastfilter":[128,140,180],"class_list":["post-6561","podcast","type-podcast","status-publish","has-post-thumbnail","hentry","podcastfilter-cinema","podcastfilter-programmation-culturelle","podcastfilter-pyrenees-orientales"],"_links":{"self":[{"href":"https:\/\/radio-aviva.com\/perpignan\/wp-json\/wp\/v2\/podcast\/6561","targetHints":{"allow":["GET"]}}],"collection":[{"href":"https:\/\/radio-aviva.com\/perpignan\/wp-json\/wp\/v2\/podcast"}],"about":[{"href":"https:\/\/radio-aviva.com\/perpignan\/wp-json\/wp\/v2\/types\/podcast"}],"author":[{"embeddable":true,"href":"https:\/\/radio-aviva.com\/perpignan\/wp-json\/wp\/v2\/users\/337"}],"version-history":[{"count":1,"href":"https:\/\/radio-aviva.com\/perpignan\/wp-json\/wp\/v2\/podcast\/6561\/revisions"}],"predecessor-version":[{"id":9111,"href":"https:\/\/radio-aviva.com\/perpignan\/wp-json\/wp\/v2\/podcast\/6561\/revisions\/9111"}],"wp:featuredmedia":[{"embeddable":true,"href":"https:\/\/radio-aviva.com\/perpignan\/wp-json\/wp\/v2\/media\/6563"}],"wp:attachment":[{"href":"https:\/\/radio-aviva.com\/perpignan\/wp-json\/wp\/v2\/media?parent=6561"}],"wp:term":[{"taxonomy":"post_tag","embeddable":true,"href":"https:\/\/radio-aviva.com\/perpignan\/wp-json\/wp\/v2\/tags?post=6561"},{"taxonomy":"podcastfilter","embeddable":true,"href":"https:\/\/radio-aviva.com\/perpignan\/wp-json\/wp\/v2\/podcastfilter?post=6561"}],"curies":[{"name":"wp","href":"https:\/\/api.w.org\/{rel}","templated":true}]}}

<p>Les Ciné-Rencontres de Prades ont organisé la journée du court-métrage à Taurinya et c&rsquo;est Alain APVRILLE, coordinateur des Ciné-Rencontres de Prades qui est venu nous en parler, ce 11 avril 2023.</p>
