{"id":6571,"date":"2023-04-28T14:46:24","date_gmt":"2023-04-28T12:46:24","guid":{"rendered":"https:\/\/radio-aviva.com\/perpignan\/?post_type=podcast&#038;p=6571"},"modified":"2024-05-22T10:46:18","modified_gmt":"2024-05-22T08:46:18","slug":"jean-louis-cazaubon-vp-region-del-souverainete-alimentaire-medfel-salon-fruits-et-legumes-210423","status":"publish","type":"podcast","link":"https:\/\/radio-aviva.com\/perpignan\/podcast\/jean-louis-cazaubon-vp-region-del-souverainete-alimentaire-medfel-salon-fruits-et-legumes-210423\/","title":{"rendered":"JEAN LOUIS CAZAUBON, VP REGION DEL SOUVERAINETE ALIMENTAIRE &#8211; MEDFEL, SALON FRUITS ET LEGUMES &#8211; 210423"},"content":{"rendered":"<p>Le 21 avril 2023, Jean Louis CAZAUBON, Vice-Pr\u00e9sident souverainet\u00e9 alimentaire pour la r\u00e9gion Occitanie nous a pr\u00e9sent\u00e9 le MedFEL, 2 jours de salon et de conf\u00e9rences r\u00e9unissant les professionnels du march\u00e9 des Fruits et L\u00e9gumes fran\u00e7ais, r\u00e9gionaux et nationaux.<\/p>\n","protected":false},"author":337,"featured_media":6573,"template":"","tags":[],"podcastfilter":[183,139,109,180],"class_list":["post-6571","podcast","type-podcast","status-publish","has-post-thumbnail","hentry","podcastfilter-agriculture","podcastfilter-linvite-de-la-matinale","podcastfilter-perpignan","podcastfilter-pyrenees-orientales"],"_links":{"self":[{"href":"https:\/\/radio-aviva.com\/perpignan\/wp-json\/wp\/v2\/podcast\/6571","targetHints":{"allow":["GET"]}}],"collection":[{"href":"https:\/\/radio-aviva.com\/perpignan\/wp-json\/wp\/v2\/podcast"}],"about":[{"href":"https:\/\/radio-aviva.com\/perpignan\/wp-json\/wp\/v2\/types\/podcast"}],"author":[{"embeddable":true,"href":"https:\/\/radio-aviva.com\/perpignan\/wp-json\/wp\/v2\/users\/337"}],"version-history":[{"count":1,"href":"https:\/\/radio-aviva.com\/perpignan\/wp-json\/wp\/v2\/podcast\/6571\/revisions"}],"predecessor-version":[{"id":9168,"href":"https:\/\/radio-aviva.com\/perpignan\/wp-json\/wp\/v2\/podcast\/6571\/revisions\/9168"}],"wp:featuredmedia":[{"embeddable":true,"href":"https:\/\/radio-aviva.com\/perpignan\/wp-json\/wp\/v2\/media\/6573"}],"wp:attachment":[{"href":"https:\/\/radio-aviva.com\/perpignan\/wp-json\/wp\/v2\/media?parent=6571"}],"wp:term":[{"taxonomy":"post_tag","embeddable":true,"href":"https:\/\/radio-aviva.com\/perpignan\/wp-json\/wp\/v2\/tags?post=6571"},{"taxonomy":"podcastfilter","embeddable":true,"href":"https:\/\/radio-aviva.com\/perpignan\/wp-json\/wp\/v2\/podcastfilter?post=6571"}],"curies":[{"name":"wp","href":"https:\/\/api.w.org\/{rel}","templated":true}]}}

<p>Le 21 avril 2023, Jean Louis CAZAUBON, Vice-Président souveraineté alimentaire pour la région Occitanie nous a présenté le MedFEL, 2 jours de salon et de conférences réunissant les professionnels du marché des Fruits et Légumes français, régionaux et nationaux.</p>
