{"id":6574,"date":"2023-04-28T14:55:57","date_gmt":"2023-04-28T12:55:57","guid":{"rendered":"https:\/\/radio-aviva.com\/perpignan\/?post_type=podcast&#038;p=6574"},"modified":"2024-05-20T11:15:40","modified_gmt":"2024-05-20T09:15:40","slug":"david-angelats-resp-com-musee-tautavel-les-vacances-de-printemps-au-musee-250423","status":"publish","type":"podcast","link":"https:\/\/radio-aviva.com\/perpignan\/podcast\/david-angelats-resp-com-musee-tautavel-les-vacances-de-printemps-au-musee-250423\/","title":{"rendered":"DAVID ANGELATS, RESP COM MUSEE TAUTAVEL &#8211; LES VACANCES DE PRINTEMPS AU MUSEE &#8211; 250423"},"content":{"rendered":"<p>Le 25 avril 2023, David ANGELATS, Responsable communication du mus\u00e9e de pr\u00e9histoire de Tautavel, nous a pr\u00e9sent\u00e9 les Vacances de Printemps au Mus\u00e9e de Pr\u00e9histoire de Tautavel. Un programme sous le signe des grandes innovations de la pr\u00e9histoire avec le feu, des sorties \u00e0 la d\u00e9couverte des plantes et de leur histoire, un voyage au c\u0153ur des pierres avec l&rsquo;exposition d\u00e9di\u00e9e \u00e0 Picot de Lapeyrouse.<\/p>\n","protected":false},"author":337,"featured_media":6575,"template":"","tags":[],"podcastfilter":[170,144,139,151,140,180],"class_list":["post-6574","podcast","type-podcast","status-publish","has-post-thumbnail","hentry","podcastfilter-actions-culturelles","podcastfilter-histoire","podcastfilter-linvite-de-la-matinale","podcastfilter-patrimoine","podcastfilter-programmation-culturelle","podcastfilter-pyrenees-orientales"],"_links":{"self":[{"href":"https:\/\/radio-aviva.com\/perpignan\/wp-json\/wp\/v2\/podcast\/6574","targetHints":{"allow":["GET"]}}],"collection":[{"href":"https:\/\/radio-aviva.com\/perpignan\/wp-json\/wp\/v2\/podcast"}],"about":[{"href":"https:\/\/radio-aviva.com\/perpignan\/wp-json\/wp\/v2\/types\/podcast"}],"author":[{"embeddable":true,"href":"https:\/\/radio-aviva.com\/perpignan\/wp-json\/wp\/v2\/users\/337"}],"version-history":[{"count":1,"href":"https:\/\/radio-aviva.com\/perpignan\/wp-json\/wp\/v2\/podcast\/6574\/revisions"}],"predecessor-version":[{"id":9113,"href":"https:\/\/radio-aviva.com\/perpignan\/wp-json\/wp\/v2\/podcast\/6574\/revisions\/9113"}],"wp:featuredmedia":[{"embeddable":true,"href":"https:\/\/radio-aviva.com\/perpignan\/wp-json\/wp\/v2\/media\/6575"}],"wp:attachment":[{"href":"https:\/\/radio-aviva.com\/perpignan\/wp-json\/wp\/v2\/media?parent=6574"}],"wp:term":[{"taxonomy":"post_tag","embeddable":true,"href":"https:\/\/radio-aviva.com\/perpignan\/wp-json\/wp\/v2\/tags?post=6574"},{"taxonomy":"podcastfilter","embeddable":true,"href":"https:\/\/radio-aviva.com\/perpignan\/wp-json\/wp\/v2\/podcastfilter?post=6574"}],"curies":[{"name":"wp","href":"https:\/\/api.w.org\/{rel}","templated":true}]}}

<p>Le 25 avril 2023, David ANGELATS, Responsable communication du musée de préhistoire de Tautavel, nous a présenté les Vacances de Printemps au Musée de Préhistoire de Tautavel. Un programme sous le signe des grandes innovations de la préhistoire avec le feu, des sorties à la découverte des plantes et de leur histoire, un voyage au cœur des pierres avec l&rsquo;exposition dédiée à Picot de Lapeyrouse.</p>
