{"id":6588,"date":"2023-05-03T11:40:07","date_gmt":"2023-05-03T09:40:07","guid":{"rendered":"https:\/\/radio-aviva.com\/perpignan\/?post_type=podcast&#038;p=6588"},"modified":"2023-05-03T11:40:07","modified_gmt":"2023-05-03T09:40:07","slug":"david-laurent-president-des-mille-pattes-de-meze-35eme-trail-du-boeuf-a-meze","status":"publish","type":"podcast","link":"https:\/\/radio-aviva.com\/perpignan\/podcast\/david-laurent-president-des-mille-pattes-de-meze-35eme-trail-du-boeuf-a-meze\/","title":{"rendered":"DAVID LAURENT, PR\u00c9SIDENT DES MILLE PATTES DE M\u00c8ZE &#8211; 35\u00c8ME TRAIL DU BOEUF \u00c0 M\u00c8ZE"},"content":{"rendered":"<p>&nbsp;<\/p>\n<p>&nbsp;<\/p>\n<p>Ce mercredi 3 mai, l&rsquo;invit\u00e9 sportif de Radio Aviva \u00e9tait <strong>Mr David LAURENT<\/strong>, pr\u00e9sident des <strong>Mille Pattes de M\u00e8ze<\/strong>, et il nous pr\u00e9sente le <strong>35\u00e8me Trail du Boeuf<\/strong>, qui aura lieu le <strong>13 mai \u00e0 M\u00e8ze<\/strong>, au micro de <strong>Sydney Biton<\/strong>.<\/p>\n","protected":false},"author":1,"featured_media":0,"template":"","tags":[],"podcastfilter":[187,188],"class_list":["post-6588","podcast","type-podcast","status-publish","hentry","podcastfilter-linvite-sportif","podcastfilter-sport"],"_links":{"self":[{"href":"https:\/\/radio-aviva.com\/perpignan\/wp-json\/wp\/v2\/podcast\/6588","targetHints":{"allow":["GET"]}}],"collection":[{"href":"https:\/\/radio-aviva.com\/perpignan\/wp-json\/wp\/v2\/podcast"}],"about":[{"href":"https:\/\/radio-aviva.com\/perpignan\/wp-json\/wp\/v2\/types\/podcast"}],"author":[{"embeddable":true,"href":"https:\/\/radio-aviva.com\/perpignan\/wp-json\/wp\/v2\/users\/1"}],"version-history":[{"count":0,"href":"https:\/\/radio-aviva.com\/perpignan\/wp-json\/wp\/v2\/podcast\/6588\/revisions"}],"wp:attachment":[{"href":"https:\/\/radio-aviva.com\/perpignan\/wp-json\/wp\/v2\/media?parent=6588"}],"wp:term":[{"taxonomy":"post_tag","embeddable":true,"href":"https:\/\/radio-aviva.com\/perpignan\/wp-json\/wp\/v2\/tags?post=6588"},{"taxonomy":"podcastfilter","embeddable":true,"href":"https:\/\/radio-aviva.com\/perpignan\/wp-json\/wp\/v2\/podcastfilter?post=6588"}],"curies":[{"name":"wp","href":"https:\/\/api.w.org\/{rel}","templated":true}]}}

DAVID LAURENT, PRÉSIDENT DES MILLE PATTES DE MÈZE &#8211; 35ÈME TRAIL DU BOEUF À MÈZE

<p>&nbsp;</p>
<p>&nbsp;</p>
<p>Ce mercredi 3 mai, l&rsquo;invité sportif de Radio Aviva était <strong>Mr David LAURENT</strong>, président des <strong>Mille Pattes de Mèze</strong>, et il nous présente le <strong>35ème Trail du Boeuf</strong>, qui aura lieu le <strong>13 mai à Mèze</strong>, au micro de <strong>Sydney Biton</strong>.</p>
