{"id":6601,"date":"2023-05-09T11:44:13","date_gmt":"2023-05-09T09:44:13","guid":{"rendered":"https:\/\/radio-aviva.com\/perpignan\/?post_type=podcast&#038;p=6601"},"modified":"2023-05-09T11:44:13","modified_gmt":"2023-05-09T09:44:13","slug":"fleury-dinallo-ancien-joueur-de-football-depart-du-president-du-club-de-foot-de-lyon-jean-michel-aulas","status":"publish","type":"podcast","link":"https:\/\/radio-aviva.com\/perpignan\/podcast\/fleury-dinallo-ancien-joueur-de-football-depart-du-president-du-club-de-foot-de-lyon-jean-michel-aulas\/","title":{"rendered":"FLEURY DINALLO, ANCIEN JOUEUR DE FOOTBALL &#8211; D\u00c9PART DU PR\u00c9SIDENT DU CLUB DE FOOT DE LYON JEAN-MICHEL AULAS"},"content":{"rendered":"<p>&nbsp;<\/p>\n<p>&nbsp;<\/p>\n<p>Ce mardi 9 mai, <strong>Sydney BITON<\/strong> a re\u00e7u <strong>Mr Fleury DIBALLO<\/strong>, ancien joueur de football \u00e0 Montpellier, Lyon et \u00e0 l&rsquo;internationale, pour qu&rsquo;il nous parle du d\u00e9part du <strong>pr\u00e9sident du club de football de\u00a0 Lyon<\/strong> ; Mr J<strong>ean-Michel AULAS<\/strong>.<\/p>\n","protected":false},"author":1,"featured_media":0,"template":"","tags":[],"podcastfilter":[187,188],"class_list":["post-6601","podcast","type-podcast","status-publish","hentry","podcastfilter-linvite-sportif","podcastfilter-sport"],"_links":{"self":[{"href":"https:\/\/radio-aviva.com\/perpignan\/wp-json\/wp\/v2\/podcast\/6601","targetHints":{"allow":["GET"]}}],"collection":[{"href":"https:\/\/radio-aviva.com\/perpignan\/wp-json\/wp\/v2\/podcast"}],"about":[{"href":"https:\/\/radio-aviva.com\/perpignan\/wp-json\/wp\/v2\/types\/podcast"}],"author":[{"embeddable":true,"href":"https:\/\/radio-aviva.com\/perpignan\/wp-json\/wp\/v2\/users\/1"}],"version-history":[{"count":0,"href":"https:\/\/radio-aviva.com\/perpignan\/wp-json\/wp\/v2\/podcast\/6601\/revisions"}],"wp:attachment":[{"href":"https:\/\/radio-aviva.com\/perpignan\/wp-json\/wp\/v2\/media?parent=6601"}],"wp:term":[{"taxonomy":"post_tag","embeddable":true,"href":"https:\/\/radio-aviva.com\/perpignan\/wp-json\/wp\/v2\/tags?post=6601"},{"taxonomy":"podcastfilter","embeddable":true,"href":"https:\/\/radio-aviva.com\/perpignan\/wp-json\/wp\/v2\/podcastfilter?post=6601"}],"curies":[{"name":"wp","href":"https:\/\/api.w.org\/{rel}","templated":true}]}}

FLEURY DINALLO, ANCIEN JOUEUR DE FOOTBALL &#8211; DÉPART DU PRÉSIDENT DU CLUB DE FOOT DE LYON JEAN-MICHEL AULAS

<p>&nbsp;</p>
<p>&nbsp;</p>
<p>Ce mardi 9 mai, <strong>Sydney BITON</strong> a reçu <strong>Mr Fleury DIBALLO</strong>, ancien joueur de football à Montpellier, Lyon et à l&rsquo;internationale, pour qu&rsquo;il nous parle du départ du <strong>président du club de football de  Lyon</strong> ; Mr J<strong>ean-Michel AULAS</strong>.</p>
