{"id":6610,"date":"2023-05-11T12:39:14","date_gmt":"2023-05-11T10:39:14","guid":{"rendered":"https:\/\/radio-aviva.com\/perpignan\/?post_type=podcast&#038;p=6610"},"modified":"2023-05-11T12:39:14","modified_gmt":"2023-05-11T10:39:14","slug":"guillaume-salencon-president-de-lintellectual-fight-club-ifc4-du-dimanche-28-mai-au-theatre-de-la-mer-a-sete","status":"publish","type":"podcast","link":"https:\/\/radio-aviva.com\/perpignan\/podcast\/guillaume-salencon-president-de-lintellectual-fight-club-ifc4-du-dimanche-28-mai-au-theatre-de-la-mer-a-sete\/","title":{"rendered":"GUILLAUME SALENC\u0327ON, PR\u00c9SIDENT DE L&rsquo;INTELLECTUAL FIGHT CLUB &#8211; IFC#4 DU DIMANCHE 28 MAI AU TH\u00c9\u00c2TRE DE LA MER \u00c0 S\u00c8TE"},"content":{"rendered":"<p>&nbsp;<\/p>\n<p>Ce jeudi 11 mai, l&rsquo;invit\u00e9 sportif de <strong>Sydney Biton<\/strong> est <strong>Guillaume SALEN\u00c7ON<\/strong>, pr\u00e9sident de l&rsquo;<strong>Intellectual Fight Club (I.F.C.)<\/strong>, le leader du <strong>ChessBoxing<\/strong>. Il nous pr\u00e9sent leur prochain \u00e9v\u00e8nement : quatre combats dont un championnat du monde, pour l&rsquo;<strong>IFC#4<\/strong>, une grande soir\u00e9e qui aura lieu le <strong>Dimanche 28 Mai<\/strong> \u00e0 partir de 18h au <strong>Th\u00e9\u00e2tre de la Mer<\/strong>, \u00e0 <strong>S\u00e8te<\/strong>, ville du Pr\u00e9sident, notre invit\u00e9.<\/p>\n<p>L&rsquo;entr\u00e9e est gratuite, il suffit de r\u00e9server \u00e0 l&rsquo;adresse : http:\/\/www.ifc-chessboxing.com\/<\/p>\n","protected":false},"author":1,"featured_media":0,"template":"","tags":[],"podcastfilter":[],"class_list":["post-6610","podcast","type-podcast","status-publish","hentry"],"_links":{"self":[{"href":"https:\/\/radio-aviva.com\/perpignan\/wp-json\/wp\/v2\/podcast\/6610","targetHints":{"allow":["GET"]}}],"collection":[{"href":"https:\/\/radio-aviva.com\/perpignan\/wp-json\/wp\/v2\/podcast"}],"about":[{"href":"https:\/\/radio-aviva.com\/perpignan\/wp-json\/wp\/v2\/types\/podcast"}],"author":[{"embeddable":true,"href":"https:\/\/radio-aviva.com\/perpignan\/wp-json\/wp\/v2\/users\/1"}],"version-history":[{"count":0,"href":"https:\/\/radio-aviva.com\/perpignan\/wp-json\/wp\/v2\/podcast\/6610\/revisions"}],"wp:attachment":[{"href":"https:\/\/radio-aviva.com\/perpignan\/wp-json\/wp\/v2\/media?parent=6610"}],"wp:term":[{"taxonomy":"post_tag","embeddable":true,"href":"https:\/\/radio-aviva.com\/perpignan\/wp-json\/wp\/v2\/tags?post=6610"},{"taxonomy":"podcastfilter","embeddable":true,"href":"https:\/\/radio-aviva.com\/perpignan\/wp-json\/wp\/v2\/podcastfilter?post=6610"}],"curies":[{"name":"wp","href":"https:\/\/api.w.org\/{rel}","templated":true}]}}

GUILLAUME SALENÇON, PRÉSIDENT DE L&rsquo;INTELLECTUAL FIGHT CLUB &#8211; IFC#4 DU DIMANCHE 28 MAI AU THÉÂTRE DE LA MER À SÈTE

<p>&nbsp;</p>
<p>Ce jeudi 11 mai, l&rsquo;invité sportif de <strong>Sydney Biton</strong> est <strong>Guillaume SALENÇON</strong>, président de l&rsquo;<strong>Intellectual Fight Club (I.F.C.)</strong>, le leader du <strong>ChessBoxing</strong>. Il nous présent leur prochain évènement : quatre combats dont un championnat du monde, pour l&rsquo;<strong>IFC#4</strong>, une grande soirée qui aura lieu le <strong>Dimanche 28 Mai</strong> à partir de 18h au <strong>Théâtre de la Mer</strong>, à <strong>Sète</strong>, ville du Président, notre invité.</p>
<p>L&rsquo;entrée est gratuite, il suffit de réserver à l&rsquo;adresse : http://www.ifc-chessboxing.com/</p>
