{"id":6627,"date":"2023-05-15T13:57:01","date_gmt":"2023-05-15T11:57:01","guid":{"rendered":"https:\/\/radio-aviva.com\/perpignan\/?post_type=podcast&#038;p=6627"},"modified":"2023-05-15T13:57:01","modified_gmt":"2023-05-15T11:57:01","slug":"david-angelats-resp-com-musee-tautavelexpo-temporaire-270423","status":"publish","type":"podcast","link":"https:\/\/radio-aviva.com\/perpignan\/podcast\/david-angelats-resp-com-musee-tautavelexpo-temporaire-270423\/","title":{"rendered":"DAVID ANGELATS, RESP COM &#8211; MUSEE TAUTAVEL,EXPO TEMPORAIRE &#8211; 270423"},"content":{"rendered":"<p>David ANGELATS s&rsquo;est rendu au micro de Radio Aviva pour nous parler de la derni\u00e8re exposition temporaire du mus\u00e9e de pr\u00e9histoire de Tautavel: \u00ab\u00a0Picot de Lapeyrouse, voyage au c\u0153ur des pierres\u00a0\u00bb. Philippe Picot de Lapeyrouse (1744-1818)\u00a0est un naturaliste toulousain, qui a constitu\u00e9 d\u2019importantes collections scientifiques au fil de ses recherches. Ce premier Doyen de la facult\u00e9 de sciences, maire de Toulouse (1800-1806), a contribu\u00e9 \u00e0 \u00ab\u00a0\u00e9crire\u00a0\u00bb l\u2019Histoire Naturelle des Pyr\u00e9n\u00e9es.<\/p>\n","protected":false},"author":337,"featured_media":6628,"template":"","tags":[],"podcastfilter":[134,144,151,140,186],"class_list":["post-6627","podcast","type-podcast","status-publish","has-post-thumbnail","hentry","podcastfilter-exposition","podcastfilter-histoire","podcastfilter-patrimoine","podcastfilter-programmation-culturelle","podcastfilter-pyrenees-orientales-2"],"_links":{"self":[{"href":"https:\/\/radio-aviva.com\/perpignan\/wp-json\/wp\/v2\/podcast\/6627","targetHints":{"allow":["GET"]}}],"collection":[{"href":"https:\/\/radio-aviva.com\/perpignan\/wp-json\/wp\/v2\/podcast"}],"about":[{"href":"https:\/\/radio-aviva.com\/perpignan\/wp-json\/wp\/v2\/types\/podcast"}],"author":[{"embeddable":true,"href":"https:\/\/radio-aviva.com\/perpignan\/wp-json\/wp\/v2\/users\/337"}],"version-history":[{"count":0,"href":"https:\/\/radio-aviva.com\/perpignan\/wp-json\/wp\/v2\/podcast\/6627\/revisions"}],"wp:featuredmedia":[{"embeddable":true,"href":"https:\/\/radio-aviva.com\/perpignan\/wp-json\/wp\/v2\/media\/6628"}],"wp:attachment":[{"href":"https:\/\/radio-aviva.com\/perpignan\/wp-json\/wp\/v2\/media?parent=6627"}],"wp:term":[{"taxonomy":"post_tag","embeddable":true,"href":"https:\/\/radio-aviva.com\/perpignan\/wp-json\/wp\/v2\/tags?post=6627"},{"taxonomy":"podcastfilter","embeddable":true,"href":"https:\/\/radio-aviva.com\/perpignan\/wp-json\/wp\/v2\/podcastfilter?post=6627"}],"curies":[{"name":"wp","href":"https:\/\/api.w.org\/{rel}","templated":true}]}}

<p>David ANGELATS s&rsquo;est rendu au micro de Radio Aviva pour nous parler de la dernière exposition temporaire du musée de préhistoire de Tautavel: « Picot de Lapeyrouse, voyage au cœur des pierres ». Philippe Picot de Lapeyrouse (1744-1818) est un naturaliste toulousain, qui a constitué d’importantes collections scientifiques au fil de ses recherches. Ce premier Doyen de la faculté de sciences, maire de Toulouse (1800-1806), a contribué à « écrire » l’Histoire Naturelle des Pyrénées.</p>
