{"id":6636,"date":"2023-05-15T15:45:20","date_gmt":"2023-05-15T13:45:20","guid":{"rendered":"https:\/\/radio-aviva.com\/perpignan\/?post_type=podcast&#038;p=6636"},"modified":"2023-05-15T15:45:20","modified_gmt":"2023-05-15T13:45:20","slug":"jocelyne-carolle-pdte-ensemble-2-generations-090523","status":"publish","type":"podcast","link":"https:\/\/radio-aviva.com\/perpignan\/podcast\/jocelyne-carolle-pdte-ensemble-2-generations-090523\/","title":{"rendered":"JOCELYNE CAROLLE, PDTE &#8211; ENSEMBLE 2 GENERATIONS &#8211; 090523"},"content":{"rendered":"<p>Jocelyne CAROLLES, Pr\u00e9sidente de l&rsquo;association Ensemble 2 G\u00e9n\u00e9rations nous a pr\u00e9sent\u00e9 cette structure qui s&rsquo;est r\u00e9cemment d\u00e9velopp\u00e9e \u00e0 Perpignan. Aider les \u00e9tudiants en qu\u00eate de logements et les personnes \u00e2g\u00e9es en besoin de soutien, telle est la mission d&rsquo;Ensemble 2 g\u00e9n\u00e9rations.<\/p>\n","protected":false},"author":337,"featured_media":6637,"template":"","tags":[],"podcastfilter":[190,191,175,152,109,186,119,196,149],"class_list":["post-6636","podcast","type-podcast","status-publish","has-post-thumbnail","hentry","podcastfilter-association","podcastfilter-bien-etre-2","podcastfilter-invite-de-la-redaction","podcastfilter-lien-social","podcastfilter-perpignan","podcastfilter-pyrenees-orientales-2","podcastfilter-sante","podcastfilter-sante-mentale","podcastfilter-solidarite"],"_links":{"self":[{"href":"https:\/\/radio-aviva.com\/perpignan\/wp-json\/wp\/v2\/podcast\/6636","targetHints":{"allow":["GET"]}}],"collection":[{"href":"https:\/\/radio-aviva.com\/perpignan\/wp-json\/wp\/v2\/podcast"}],"about":[{"href":"https:\/\/radio-aviva.com\/perpignan\/wp-json\/wp\/v2\/types\/podcast"}],"author":[{"embeddable":true,"href":"https:\/\/radio-aviva.com\/perpignan\/wp-json\/wp\/v2\/users\/337"}],"version-history":[{"count":0,"href":"https:\/\/radio-aviva.com\/perpignan\/wp-json\/wp\/v2\/podcast\/6636\/revisions"}],"wp:featuredmedia":[{"embeddable":true,"href":"https:\/\/radio-aviva.com\/perpignan\/wp-json\/wp\/v2\/media\/6637"}],"wp:attachment":[{"href":"https:\/\/radio-aviva.com\/perpignan\/wp-json\/wp\/v2\/media?parent=6636"}],"wp:term":[{"taxonomy":"post_tag","embeddable":true,"href":"https:\/\/radio-aviva.com\/perpignan\/wp-json\/wp\/v2\/tags?post=6636"},{"taxonomy":"podcastfilter","embeddable":true,"href":"https:\/\/radio-aviva.com\/perpignan\/wp-json\/wp\/v2\/podcastfilter?post=6636"}],"curies":[{"name":"wp","href":"https:\/\/api.w.org\/{rel}","templated":true}]}}

<p>Jocelyne CAROLLES, Présidente de l&rsquo;association Ensemble 2 Générations nous a présenté cette structure qui s&rsquo;est récemment développée à Perpignan. Aider les étudiants en quête de logements et les personnes âgées en besoin de soutien, telle est la mission d&rsquo;Ensemble 2 générations.</p>
