{"id":6638,"date":"2023-05-15T15:57:54","date_gmt":"2023-05-15T13:57:54","guid":{"rendered":"https:\/\/radio-aviva.com\/perpignan\/?post_type=podcast&#038;p=6638"},"modified":"2023-05-15T15:57:54","modified_gmt":"2023-05-15T13:57:54","slug":"sophie-elizeon-deleguee-interministerielle-dilcrah-110523","status":"publish","type":"podcast","link":"https:\/\/radio-aviva.com\/perpignan\/podcast\/sophie-elizeon-deleguee-interministerielle-dilcrah-110523\/","title":{"rendered":"SOPHIE ELIZEON, DELEGUEE INTERMINISTERIELLE- DILCRAH &#8211; 110523"},"content":{"rendered":"<p>A l&rsquo;occasion de la Journ\u00e9e mondiale de lutte contre l&rsquo;homophobie et la transphobie, Sophie ELIZEON, d\u00e9l\u00e9gu\u00e9e interminist\u00e9rielle, nous a pr\u00e9sent\u00e9 la DILCRAH. Nous avons \u00e9chang\u00e9 sur le r\u00f4le de la DILCRAH mais aussi sur la mise en \u0153uvre de leur plan national d&rsquo;actions pour l&rsquo;\u00e9galit\u00e9, contre la haine et les discriminations anti-LGBT+.<\/p>\n","protected":false},"author":337,"featured_media":6639,"template":"","tags":[],"podcastfilter":[135,197,198,138],"class_list":["post-6638","podcast","type-podcast","status-publish","has-post-thumbnail","hentry","podcastfilter-linvite-de-la-redaction","podcastfilter-lutte-contre-lhomophobie","podcastfilter-lutte-contre-la-transphobie","podcastfilter-lutte-contre-les-discriminations"],"_links":{"self":[{"href":"https:\/\/radio-aviva.com\/perpignan\/wp-json\/wp\/v2\/podcast\/6638","targetHints":{"allow":["GET"]}}],"collection":[{"href":"https:\/\/radio-aviva.com\/perpignan\/wp-json\/wp\/v2\/podcast"}],"about":[{"href":"https:\/\/radio-aviva.com\/perpignan\/wp-json\/wp\/v2\/types\/podcast"}],"author":[{"embeddable":true,"href":"https:\/\/radio-aviva.com\/perpignan\/wp-json\/wp\/v2\/users\/337"}],"version-history":[{"count":0,"href":"https:\/\/radio-aviva.com\/perpignan\/wp-json\/wp\/v2\/podcast\/6638\/revisions"}],"wp:featuredmedia":[{"embeddable":true,"href":"https:\/\/radio-aviva.com\/perpignan\/wp-json\/wp\/v2\/media\/6639"}],"wp:attachment":[{"href":"https:\/\/radio-aviva.com\/perpignan\/wp-json\/wp\/v2\/media?parent=6638"}],"wp:term":[{"taxonomy":"post_tag","embeddable":true,"href":"https:\/\/radio-aviva.com\/perpignan\/wp-json\/wp\/v2\/tags?post=6638"},{"taxonomy":"podcastfilter","embeddable":true,"href":"https:\/\/radio-aviva.com\/perpignan\/wp-json\/wp\/v2\/podcastfilter?post=6638"}],"curies":[{"name":"wp","href":"https:\/\/api.w.org\/{rel}","templated":true}]}}

<p>A l&rsquo;occasion de la Journée mondiale de lutte contre l&rsquo;homophobie et la transphobie, Sophie ELIZEON, déléguée interministérielle, nous a présenté la DILCRAH. Nous avons échangé sur le rôle de la DILCRAH mais aussi sur la mise en œuvre de leur plan national d&rsquo;actions pour l&rsquo;égalité, contre la haine et les discriminations anti-LGBT+.</p>
