{"id":6640,"date":"2023-05-15T16:10:12","date_gmt":"2023-05-15T14:10:12","guid":{"rendered":"https:\/\/radio-aviva.com\/perpignan\/?post_type=podcast&#038;p=6640"},"modified":"2023-05-15T16:10:12","modified_gmt":"2023-05-15T14:10:12","slug":"flore-iborra-pdte-les-mots-du-vent-020523","status":"publish","type":"podcast","link":"https:\/\/radio-aviva.com\/perpignan\/podcast\/flore-iborra-pdte-les-mots-du-vent-020523\/","title":{"rendered":"FLORE IBORRA, PDTE &#8211; LES MOTS DU VENT &#8211; 020523"},"content":{"rendered":"<p>Flore IBORRA est venue au micro de Radio Aviva pour nous pr\u00e9senter la deuxi\u00e8me \u00e9dition du festival de po\u00e9sie LES MOTS DU VENT\u00a0\u00e0 FONTJONCOUSE qui aura lieu du 23 au 25 juin 2023. Nous avons pass\u00e9 en revue le programme de l&rsquo;\u00e9v\u00e9nement : lectures, concerts et bien d&rsquo;autres choses sont au programme!<\/p>\n","protected":false},"author":337,"featured_media":6641,"template":"","tags":[],"podcastfilter":[86,168,190,150,167,194,140],"class_list":["post-6640","podcast","type-podcast","status-publish","has-post-thumbnail","hentry","podcastfilter-art","podcastfilter-artiste","podcastfilter-association","podcastfilter-entracte","podcastfilter-festival","podcastfilter-occitanie","podcastfilter-programmation-culturelle"],"_links":{"self":[{"href":"https:\/\/radio-aviva.com\/perpignan\/wp-json\/wp\/v2\/podcast\/6640","targetHints":{"allow":["GET"]}}],"collection":[{"href":"https:\/\/radio-aviva.com\/perpignan\/wp-json\/wp\/v2\/podcast"}],"about":[{"href":"https:\/\/radio-aviva.com\/perpignan\/wp-json\/wp\/v2\/types\/podcast"}],"author":[{"embeddable":true,"href":"https:\/\/radio-aviva.com\/perpignan\/wp-json\/wp\/v2\/users\/337"}],"version-history":[{"count":0,"href":"https:\/\/radio-aviva.com\/perpignan\/wp-json\/wp\/v2\/podcast\/6640\/revisions"}],"wp:featuredmedia":[{"embeddable":true,"href":"https:\/\/radio-aviva.com\/perpignan\/wp-json\/wp\/v2\/media\/6641"}],"wp:attachment":[{"href":"https:\/\/radio-aviva.com\/perpignan\/wp-json\/wp\/v2\/media?parent=6640"}],"wp:term":[{"taxonomy":"post_tag","embeddable":true,"href":"https:\/\/radio-aviva.com\/perpignan\/wp-json\/wp\/v2\/tags?post=6640"},{"taxonomy":"podcastfilter","embeddable":true,"href":"https:\/\/radio-aviva.com\/perpignan\/wp-json\/wp\/v2\/podcastfilter?post=6640"}],"curies":[{"name":"wp","href":"https:\/\/api.w.org\/{rel}","templated":true}]}}

<p>Flore IBORRA est venue au micro de Radio Aviva pour nous présenter la deuxième édition du festival de poésie LES MOTS DU VENT à FONTJONCOUSE qui aura lieu du 23 au 25 juin 2023. Nous avons passé en revue le programme de l&rsquo;événement : lectures, concerts et bien d&rsquo;autres choses sont au programme!</p>
