{"id":6664,"date":"2023-05-22T10:41:24","date_gmt":"2023-05-22T08:41:24","guid":{"rendered":"https:\/\/radio-aviva.com\/perpignan\/?post_type=podcast&#038;p=6664"},"modified":"2023-05-22T10:41:24","modified_gmt":"2023-05-22T08:41:24","slug":"presentation-du-festival-de-cannes","status":"publish","type":"podcast","link":"https:\/\/radio-aviva.com\/perpignan\/podcast\/presentation-du-festival-de-cannes\/","title":{"rendered":"PRESENTATION DU FESTIVAL DE CANNES"},"content":{"rendered":"<p>&nbsp;<\/p>\n<p>Dans ce num\u00e9ro de <strong>Cin\u00e9maviva<\/strong> de ce dimanche 21 mai, St\u00e9phane nous pr\u00e9sente les films en comp\u00e9titions au <strong>Festival de Cannes<\/strong>.<\/p>\n","protected":false},"author":1,"featured_media":0,"template":"","tags":[],"podcastfilter":[128,189,129,202,87,108,109],"class_list":["post-6664","podcast","type-podcast","status-publish","hentry","podcastfilter-cinema","podcastfilter-cinemaviva","podcastfilter-comedien","podcastfilter-festival-de-cannes","podcastfilter-montpellier","podcastfilter-nimes","podcastfilter-perpignan"],"_links":{"self":[{"href":"https:\/\/radio-aviva.com\/perpignan\/wp-json\/wp\/v2\/podcast\/6664","targetHints":{"allow":["GET"]}}],"collection":[{"href":"https:\/\/radio-aviva.com\/perpignan\/wp-json\/wp\/v2\/podcast"}],"about":[{"href":"https:\/\/radio-aviva.com\/perpignan\/wp-json\/wp\/v2\/types\/podcast"}],"author":[{"embeddable":true,"href":"https:\/\/radio-aviva.com\/perpignan\/wp-json\/wp\/v2\/users\/1"}],"version-history":[{"count":0,"href":"https:\/\/radio-aviva.com\/perpignan\/wp-json\/wp\/v2\/podcast\/6664\/revisions"}],"wp:attachment":[{"href":"https:\/\/radio-aviva.com\/perpignan\/wp-json\/wp\/v2\/media?parent=6664"}],"wp:term":[{"taxonomy":"post_tag","embeddable":true,"href":"https:\/\/radio-aviva.com\/perpignan\/wp-json\/wp\/v2\/tags?post=6664"},{"taxonomy":"podcastfilter","embeddable":true,"href":"https:\/\/radio-aviva.com\/perpignan\/wp-json\/wp\/v2\/podcastfilter?post=6664"}],"curies":[{"name":"wp","href":"https:\/\/api.w.org\/{rel}","templated":true}]}}

<p>&nbsp;</p>
<p>Dans ce numéro de <strong>Cinémaviva</strong> de ce dimanche 21 mai, Stéphane nous présente les films en compétitions au <strong>Festival de Cannes</strong>.</p>
