{"id":6693,"date":"2023-05-25T13:24:00","date_gmt":"2023-05-25T11:24:00","guid":{"rendered":"https:\/\/radio-aviva.com\/perpignan\/?post_type=podcast&#038;p=6693"},"modified":"2023-05-25T13:24:00","modified_gmt":"2023-05-25T11:24:00","slug":"laurent-gauze-pdt-cci-perpignan-marmot-animateur-foirexpo-050523","status":"publish","type":"podcast","link":"https:\/\/radio-aviva.com\/perpignan\/podcast\/laurent-gauze-pdt-cci-perpignan-marmot-animateur-foirexpo-050523\/","title":{"rendered":"LAURENT GAUZE, PDT CCI PERPIGNAN, MARMOT, ANIMATEUR &#8211; FOIREXPO &#8211; 050523"},"content":{"rendered":"<p>Radio Aviva s\u2019est rendue \u00e0 la foirexepo de printemps, organis\u00e9e chaque ann\u00e9e \u00e0 Perpignan. C\u2019est d\u00e9j\u00e0 la 38\u00e9me \u00e9dition de la foirexposition qui a eu lieu du 4 au 8 mai 2023, au Parc des expositions de la ville. Cet \u00e9v\u00e9nement commercial d\u2019une grande importance pour les entreprises locales a r\u00e9uni plus de 200 exposants. A l\u2019occasion de l\u2019inauguration de la foirexpo, nous avons donn\u00e9 la parole \u00e0 Laurent Gauze, pr\u00e9sident de la chambre de commerce et d\u2019industrie.<\/p>\n","protected":false},"author":337,"featured_media":6694,"template":"","tags":[],"podcastfilter":[156,164,135,109,180],"class_list":["post-6693","podcast","type-podcast","status-publish","has-post-thumbnail","hentry","podcastfilter-cci","podcastfilter-economie","podcastfilter-linvite-de-la-redaction","podcastfilter-perpignan","podcastfilter-pyrenees-orientales"],"_links":{"self":[{"href":"https:\/\/radio-aviva.com\/perpignan\/wp-json\/wp\/v2\/podcast\/6693","targetHints":{"allow":["GET"]}}],"collection":[{"href":"https:\/\/radio-aviva.com\/perpignan\/wp-json\/wp\/v2\/podcast"}],"about":[{"href":"https:\/\/radio-aviva.com\/perpignan\/wp-json\/wp\/v2\/types\/podcast"}],"author":[{"embeddable":true,"href":"https:\/\/radio-aviva.com\/perpignan\/wp-json\/wp\/v2\/users\/337"}],"version-history":[{"count":0,"href":"https:\/\/radio-aviva.com\/perpignan\/wp-json\/wp\/v2\/podcast\/6693\/revisions"}],"wp:featuredmedia":[{"embeddable":true,"href":"https:\/\/radio-aviva.com\/perpignan\/wp-json\/wp\/v2\/media\/6694"}],"wp:attachment":[{"href":"https:\/\/radio-aviva.com\/perpignan\/wp-json\/wp\/v2\/media?parent=6693"}],"wp:term":[{"taxonomy":"post_tag","embeddable":true,"href":"https:\/\/radio-aviva.com\/perpignan\/wp-json\/wp\/v2\/tags?post=6693"},{"taxonomy":"podcastfilter","embeddable":true,"href":"https:\/\/radio-aviva.com\/perpignan\/wp-json\/wp\/v2\/podcastfilter?post=6693"}],"curies":[{"name":"wp","href":"https:\/\/api.w.org\/{rel}","templated":true}]}}

<p>Radio Aviva s’est rendue à la foirexepo de printemps, organisée chaque année à Perpignan. C’est déjà la 38éme édition de la foirexposition qui a eu lieu du 4 au 8 mai 2023, au Parc des expositions de la ville. Cet événement commercial d’une grande importance pour les entreprises locales a réuni plus de 200 exposants. A l’occasion de l’inauguration de la foirexpo, nous avons donné la parole à Laurent Gauze, président de la chambre de commerce et d’industrie.</p>
