{"id":6713,"date":"2023-05-26T15:25:41","date_gmt":"2023-05-26T13:25:41","guid":{"rendered":"https:\/\/radio-aviva.com\/perpignan\/?post_type=podcast&#038;p=6713"},"modified":"2024-05-20T15:46:40","modified_gmt":"2024-05-20T13:46:40","slug":"diane-sorel-chargee-de-com-scientifique-et-technique-pour-la-reserve-de-la-massane-50-ans-reserve-naturelle-nationale-foret-de-la-massane-260523","status":"publish","type":"podcast","link":"https:\/\/radio-aviva.com\/perpignan\/podcast\/diane-sorel-chargee-de-com-scientifique-et-technique-pour-la-reserve-de-la-massane-50-ans-reserve-naturelle-nationale-foret-de-la-massane-260523\/","title":{"rendered":"DIANE SOREL, CHARGEE DE COM SCIENTIFIQUE ET TECHNIQUE POUR LA RESERVE DE LA MASSANE &#8211; 50 ANS RESERVE NATURELLE NATIONALE FORET DE LA MASSANE &#8211; 260523"},"content":{"rendered":"<p>Diane SOREL, charg\u00e9e de communication scientifique et technique pour la r\u00e9serve de la Massane parle, \u00e0 notre micro, de cette r\u00e9serve. En 2023, la R\u00e9serve Naturelle Nationale de la For\u00eat de la Massane (Argel\u00e8s-sur-Mer), class\u00e9e au patrimoine mondial de l\u2019UNESCO, f\u00eate ses 50 ans mais aussi la 10 000e esp\u00e8ce inventori\u00e9e\u2009!<\/p>\n","protected":false},"author":337,"featured_media":6714,"template":"","tags":[],"podcastfilter":[142,143,139,186],"class_list":["post-6713","podcast","type-podcast","status-publish","has-post-thumbnail","hentry","podcastfilter-ecologie","podcastfilter-environnement","podcastfilter-linvite-de-la-matinale","podcastfilter-pyrenees-orientales-2"],"_links":{"self":[{"href":"https:\/\/radio-aviva.com\/perpignan\/wp-json\/wp\/v2\/podcast\/6713","targetHints":{"allow":["GET"]}}],"collection":[{"href":"https:\/\/radio-aviva.com\/perpignan\/wp-json\/wp\/v2\/podcast"}],"about":[{"href":"https:\/\/radio-aviva.com\/perpignan\/wp-json\/wp\/v2\/types\/podcast"}],"author":[{"embeddable":true,"href":"https:\/\/radio-aviva.com\/perpignan\/wp-json\/wp\/v2\/users\/337"}],"version-history":[{"count":1,"href":"https:\/\/radio-aviva.com\/perpignan\/wp-json\/wp\/v2\/podcast\/6713\/revisions"}],"predecessor-version":[{"id":9141,"href":"https:\/\/radio-aviva.com\/perpignan\/wp-json\/wp\/v2\/podcast\/6713\/revisions\/9141"}],"wp:featuredmedia":[{"embeddable":true,"href":"https:\/\/radio-aviva.com\/perpignan\/wp-json\/wp\/v2\/media\/6714"}],"wp:attachment":[{"href":"https:\/\/radio-aviva.com\/perpignan\/wp-json\/wp\/v2\/media?parent=6713"}],"wp:term":[{"taxonomy":"post_tag","embeddable":true,"href":"https:\/\/radio-aviva.com\/perpignan\/wp-json\/wp\/v2\/tags?post=6713"},{"taxonomy":"podcastfilter","embeddable":true,"href":"https:\/\/radio-aviva.com\/perpignan\/wp-json\/wp\/v2\/podcastfilter?post=6713"}],"curies":[{"name":"wp","href":"https:\/\/api.w.org\/{rel}","templated":true}]}}

<p>Diane SOREL, chargée de communication scientifique et technique pour la réserve de la Massane parle, à notre micro, de cette réserve. En 2023, la Réserve Naturelle Nationale de la Forêt de la Massane (Argelès-sur-Mer), classée au patrimoine mondial de l’UNESCO, fête ses 50 ans mais aussi la 10 000e espèce inventoriée !</p>
