{"id":6729,"date":"2023-05-30T13:53:26","date_gmt":"2023-05-30T11:53:26","guid":{"rendered":"https:\/\/radio-aviva.com\/perpignan\/?post_type=podcast&#038;p=6729"},"modified":"2024-05-20T10:00:20","modified_gmt":"2024-05-20T08:00:20","slug":"said-bekhti-theatre-de-la-complicite-rebecca-bouillou-casa-musicale-23e-festival-sirocco-030523","status":"publish","type":"podcast","link":"https:\/\/radio-aviva.com\/perpignan\/podcast\/said-bekhti-theatre-de-la-complicite-rebecca-bouillou-casa-musicale-23e-festival-sirocco-030523\/","title":{"rendered":"SAID BEKHTI, THEATRE DE LA COMPLICITE, REBECCA BOUILLOU, CASA MUSICALE &#8211; 23E FESTIVAL SIROCCO &#8211; 030523"},"content":{"rendered":"<p>Said BEKHTI, du th\u00e9\u00e2tre de la complicit\u00e9, a pr\u00e9sent\u00e9 \u00e0 notre micro, le 23\u00e8me festival SIROCCO :<\/p>\n<p>Deux jours de concerts \u00e9clectiques avec des artistes talentueux, de la musique jama\u00efcaine, la musique arabo andalouse, la cumbia, la chanson festive, de l&rsquo;afro pop mandinga, des transes envo\u00fbtantes de l&rsquo;african \u00e9lectro et de l&rsquo;\u00e9thnique \u00e9lectro.<\/p>\n","protected":false},"author":337,"featured_media":6730,"template":"","tags":[],"podcastfilter":[86,168,146,167,139,88,109,140,186],"class_list":["post-6729","podcast","type-podcast","status-publish","has-post-thumbnail","hentry","podcastfilter-art","podcastfilter-artiste","podcastfilter-eclectique","podcastfilter-festival","podcastfilter-linvite-de-la-matinale","podcastfilter-musique","podcastfilter-perpignan","podcastfilter-programmation-culturelle","podcastfilter-pyrenees-orientales-2"],"_links":{"self":[{"href":"https:\/\/radio-aviva.com\/perpignan\/wp-json\/wp\/v2\/podcast\/6729","targetHints":{"allow":["GET"]}}],"collection":[{"href":"https:\/\/radio-aviva.com\/perpignan\/wp-json\/wp\/v2\/podcast"}],"about":[{"href":"https:\/\/radio-aviva.com\/perpignan\/wp-json\/wp\/v2\/types\/podcast"}],"author":[{"embeddable":true,"href":"https:\/\/radio-aviva.com\/perpignan\/wp-json\/wp\/v2\/users\/337"}],"version-history":[{"count":1,"href":"https:\/\/radio-aviva.com\/perpignan\/wp-json\/wp\/v2\/podcast\/6729\/revisions"}],"predecessor-version":[{"id":9098,"href":"https:\/\/radio-aviva.com\/perpignan\/wp-json\/wp\/v2\/podcast\/6729\/revisions\/9098"}],"wp:featuredmedia":[{"embeddable":true,"href":"https:\/\/radio-aviva.com\/perpignan\/wp-json\/wp\/v2\/media\/6730"}],"wp:attachment":[{"href":"https:\/\/radio-aviva.com\/perpignan\/wp-json\/wp\/v2\/media?parent=6729"}],"wp:term":[{"taxonomy":"post_tag","embeddable":true,"href":"https:\/\/radio-aviva.com\/perpignan\/wp-json\/wp\/v2\/tags?post=6729"},{"taxonomy":"podcastfilter","embeddable":true,"href":"https:\/\/radio-aviva.com\/perpignan\/wp-json\/wp\/v2\/podcastfilter?post=6729"}],"curies":[{"name":"wp","href":"https:\/\/api.w.org\/{rel}","templated":true}]}}

<p>Said BEKHTI, du théâtre de la complicité, a présenté à notre micro, le 23ème festival SIROCCO :</p>
<p>Deux jours de concerts éclectiques avec des artistes talentueux, de la musique jamaïcaine, la musique arabo andalouse, la cumbia, la chanson festive, de l&rsquo;afro pop mandinga, des transes envoûtantes de l&rsquo;african électro et de l&rsquo;éthnique électro.</p>
