{"id":6747,"date":"2023-05-30T17:37:11","date_gmt":"2023-05-30T15:37:11","guid":{"rendered":"https:\/\/radio-aviva.com\/perpignan\/?post_type=podcast&#038;p=6747"},"modified":"2023-05-30T17:37:11","modified_gmt":"2023-05-30T15:37:11","slug":"frederic-bonnaud-dir-cinematheque-francaise-documentaire-godart-par-godart-presentation-cannes-300523","status":"publish","type":"podcast","link":"https:\/\/radio-aviva.com\/perpignan\/podcast\/frederic-bonnaud-dir-cinematheque-francaise-documentaire-godart-par-godart-presentation-cannes-300523\/","title":{"rendered":"FRE\u0301DE\u0300RIC BONNAUD, DIR CINE\u0301MATHE\u0301QUE FRANC\u0327AISE &#8211; DOCUMENTAIRE GODART PAR GODART, PRESENTATION CANNES &#8211; 300523"},"content":{"rendered":"<p>&nbsp;<\/p>\n<p>Godard par Bonnaud : rencontre avec Fr\u00e9d\u00e9ric Bonnaud directeur de la Cin\u00e9math\u00e8que Fran\u00e7aise qui nous parle de son travail sur les archives pour \u00e9crire le documentaire Godard par Godart r\u00e9alis\u00e9 par Florence Platarets pr\u00e9sent\u00e9 dans le cadre de Cannes Classics 2023.<\/p>\n","protected":false},"author":1,"featured_media":6742,"template":"","tags":[],"podcastfilter":[128,189,202,87,108,109],"class_list":["post-6747","podcast","type-podcast","status-publish","has-post-thumbnail","hentry","podcastfilter-cinema","podcastfilter-cinemaviva","podcastfilter-festival-de-cannes","podcastfilter-montpellier","podcastfilter-nimes","podcastfilter-perpignan"],"_links":{"self":[{"href":"https:\/\/radio-aviva.com\/perpignan\/wp-json\/wp\/v2\/podcast\/6747","targetHints":{"allow":["GET"]}}],"collection":[{"href":"https:\/\/radio-aviva.com\/perpignan\/wp-json\/wp\/v2\/podcast"}],"about":[{"href":"https:\/\/radio-aviva.com\/perpignan\/wp-json\/wp\/v2\/types\/podcast"}],"author":[{"embeddable":true,"href":"https:\/\/radio-aviva.com\/perpignan\/wp-json\/wp\/v2\/users\/1"}],"version-history":[{"count":0,"href":"https:\/\/radio-aviva.com\/perpignan\/wp-json\/wp\/v2\/podcast\/6747\/revisions"}],"wp:featuredmedia":[{"embeddable":true,"href":"https:\/\/radio-aviva.com\/perpignan\/wp-json\/wp\/v2\/media\/6742"}],"wp:attachment":[{"href":"https:\/\/radio-aviva.com\/perpignan\/wp-json\/wp\/v2\/media?parent=6747"}],"wp:term":[{"taxonomy":"post_tag","embeddable":true,"href":"https:\/\/radio-aviva.com\/perpignan\/wp-json\/wp\/v2\/tags?post=6747"},{"taxonomy":"podcastfilter","embeddable":true,"href":"https:\/\/radio-aviva.com\/perpignan\/wp-json\/wp\/v2\/podcastfilter?post=6747"}],"curies":[{"name":"wp","href":"https:\/\/api.w.org\/{rel}","templated":true}]}}

<p>&nbsp;</p>
<p>Godard par Bonnaud : rencontre avec Frédéric Bonnaud directeur de la Cinémathèque Française qui nous parle de son travail sur les archives pour écrire le documentaire Godard par Godart réalisé par Florence Platarets présenté dans le cadre de Cannes Classics 2023.</p>
