{"id":6758,"date":"2023-05-30T18:36:54","date_gmt":"2023-05-30T16:36:54","guid":{"rendered":"https:\/\/radio-aviva.com\/perpignan\/?post_type=podcast&#038;p=6758"},"modified":"2023-05-30T18:36:54","modified_gmt":"2023-05-30T16:36:54","slug":"n-ayouch-realisateur-et-pdt-l-toubiana-membre-clap-citizen-cannes-prix-de-la-citoyennete-300523","status":"publish","type":"podcast","link":"https:\/\/radio-aviva.com\/perpignan\/podcast\/n-ayouch-realisateur-et-pdt-l-toubiana-membre-clap-citizen-cannes-prix-de-la-citoyennete-300523\/","title":{"rendered":"N AYOUCH, REALISATEUR ET PDT, L TOUBIANA, MEMBRE &#8211; CLAP CITIZEN CANNES, PRIX DE LA CITOYENNETE\u0301 &#8211; 300523"},"content":{"rendered":"<div dir=\"ltr\"><\/div>\n<div dir=\"ltr\"><\/div>\n<div dir=\"ltr\">Le 5\u00e8me prix de la Citoyennet\u00e9 : rencontre avec l&rsquo;association CLAP CItizen Cannes qui remet un prix \u00e0 un film de la s\u00e9lection discussions avec son pr\u00e9sident le r\u00e9alisateur Nabil Ayouch et une de ses membres fondatrices Lyne Toubiana<\/div>\n<div dir=\"ltr\">plus d&rsquo;infos sur :\u00a0<a href=\"https:\/\/www.prixdelacitoyennete.fr\/\" target=\"_blank\" rel=\"noreferrer noopener\" data-saferedirecturl=\"https:\/\/www.google.com\/url?q=https:\/\/www.prixdelacitoyennete.fr\/&amp;source=gmail&amp;ust=1685522457678000&amp;usg=AOvVaw3ulXvgQhupn8TQFy4S0mxD\">Prixdelacitoyennete | Prix De La Citoyennet\u00e9 Prix-de-la-citoyennet\u00e9prix de la citoyennet\u00e9<\/a><\/div>\n<div><\/div>\n","protected":false},"author":1,"featured_media":6742,"template":"","tags":[],"podcastfilter":[128,189,165,167,202,87,108,109],"class_list":["post-6758","podcast","type-podcast","status-publish","has-post-thumbnail","hentry","podcastfilter-cinema","podcastfilter-cinemaviva","podcastfilter-culture-compagnie","podcastfilter-festival","podcastfilter-festival-de-cannes","podcastfilter-montpellier","podcastfilter-nimes","podcastfilter-perpignan"],"_links":{"self":[{"href":"https:\/\/radio-aviva.com\/perpignan\/wp-json\/wp\/v2\/podcast\/6758","targetHints":{"allow":["GET"]}}],"collection":[{"href":"https:\/\/radio-aviva.com\/perpignan\/wp-json\/wp\/v2\/podcast"}],"about":[{"href":"https:\/\/radio-aviva.com\/perpignan\/wp-json\/wp\/v2\/types\/podcast"}],"author":[{"embeddable":true,"href":"https:\/\/radio-aviva.com\/perpignan\/wp-json\/wp\/v2\/users\/1"}],"version-history":[{"count":0,"href":"https:\/\/radio-aviva.com\/perpignan\/wp-json\/wp\/v2\/podcast\/6758\/revisions"}],"wp:featuredmedia":[{"embeddable":true,"href":"https:\/\/radio-aviva.com\/perpignan\/wp-json\/wp\/v2\/media\/6742"}],"wp:attachment":[{"href":"https:\/\/radio-aviva.com\/perpignan\/wp-json\/wp\/v2\/media?parent=6758"}],"wp:term":[{"taxonomy":"post_tag","embeddable":true,"href":"https:\/\/radio-aviva.com\/perpignan\/wp-json\/wp\/v2\/tags?post=6758"},{"taxonomy":"podcastfilter","embeddable":true,"href":"https:\/\/radio-aviva.com\/perpignan\/wp-json\/wp\/v2\/podcastfilter?post=6758"}],"curies":[{"name":"wp","href":"https:\/\/api.w.org\/{rel}","templated":true}]}}

<div dir="ltr"></div>
<div dir="ltr"></div>
<div dir="ltr">Le 5ème prix de la Citoyenneté : rencontre avec l&rsquo;association CLAP CItizen Cannes qui remet un prix à un film de la sélection discussions avec son président le réalisateur Nabil Ayouch et une de ses membres fondatrices Lyne Toubiana</div>
<div dir="ltr">plus d&rsquo;infos sur : <a href="https://www.prixdelacitoyennete.fr/" target="_blank" rel="noreferrer noopener" data-saferedirecturl="https://www.google.com/url?q=https://www.prixdelacitoyennete.fr/&amp;source=gmail&amp;ust=1685522457678000&amp;usg=AOvVaw3ulXvgQhupn8TQFy4S0mxD">Prixdelacitoyennete | Prix De La Citoyenneté Prix-de-la-citoyennetéprix de la citoyenneté</a></div>
<div></div>
