{"id":6766,"date":"2023-05-31T12:31:44","date_gmt":"2023-05-31T10:31:44","guid":{"rendered":"https:\/\/radio-aviva.com\/perpignan\/?post_type=podcast&#038;p=6766"},"modified":"2023-05-31T12:31:44","modified_gmt":"2023-05-31T10:31:44","slug":"catherine-larrere-professeur-a-luniversite-paris-pantheon-sorbonne-et-auteure-sortie-de-son-roman-lecofeminisme","status":"publish","type":"podcast","link":"https:\/\/radio-aviva.com\/perpignan\/podcast\/catherine-larrere-professeur-a-luniversite-paris-pantheon-sorbonne-et-auteure-sortie-de-son-roman-lecofeminisme\/","title":{"rendered":"CATHERINE LARR\u00c8RE, PROFESSEUR \u00c0 L&rsquo;UNIVERSIT\u00c9 PARIS PANTH\u00c9ON-SORBONNE ET AUTEURE &#8211; SORTIE DE SON ROMAN : \u00ab\u00a0L&rsquo;E\u0301COF\u00c9MINISME\u00a0\u00bb"},"content":{"rendered":"<p>&nbsp;<\/p>\n<p>&nbsp;<\/p>\n<p>Dans ce Marque-Page du jeudi 25 mai, nous vous proposons d&rsquo;\u00e9couter, au micro de Martine MARRAGOU, <strong>Mme Catherine LARR\u00c8RE<\/strong>, professeure de philosophie \u00e0 l&rsquo;<strong>Universit\u00e9 Paris Panth\u00e9on-Sorbonne<\/strong>, <strong>sp\u00e9cialiste de philosophie morale et politique <\/strong>et <strong>d&rsquo;\u00e9thique environnementale<\/strong>, ainsi qu&rsquo;<strong>auteure<\/strong> de romans. Elle nous pr\u00e9sente son dernier ouvrage intitul\u00e9 <strong><em>L&rsquo;\u00c9cof\u00e9minisme<\/em><\/strong>, paru en avril dernier. On peut la retrouver ce <strong>mercredi 31 mai 2023<\/strong> \u00e0 la librairie<strong> La Cavale<\/strong>, \u00e0 <strong>Montpellier<\/strong>, \u00e0 <strong>19h<\/strong> pour une s\u00e9ance de d\u00e9didaces.<\/p>\n","protected":false},"author":1,"featured_media":0,"template":"","tags":[],"podcastfilter":[142,212,213,87],"class_list":["post-6766","podcast","type-podcast","status-publish","hentry","podcastfilter-ecologie","podcastfilter-livre","podcastfilter-marque-page","podcastfilter-montpellier"],"_links":{"self":[{"href":"https:\/\/radio-aviva.com\/perpignan\/wp-json\/wp\/v2\/podcast\/6766","targetHints":{"allow":["GET"]}}],"collection":[{"href":"https:\/\/radio-aviva.com\/perpignan\/wp-json\/wp\/v2\/podcast"}],"about":[{"href":"https:\/\/radio-aviva.com\/perpignan\/wp-json\/wp\/v2\/types\/podcast"}],"author":[{"embeddable":true,"href":"https:\/\/radio-aviva.com\/perpignan\/wp-json\/wp\/v2\/users\/1"}],"version-history":[{"count":0,"href":"https:\/\/radio-aviva.com\/perpignan\/wp-json\/wp\/v2\/podcast\/6766\/revisions"}],"wp:attachment":[{"href":"https:\/\/radio-aviva.com\/perpignan\/wp-json\/wp\/v2\/media?parent=6766"}],"wp:term":[{"taxonomy":"post_tag","embeddable":true,"href":"https:\/\/radio-aviva.com\/perpignan\/wp-json\/wp\/v2\/tags?post=6766"},{"taxonomy":"podcastfilter","embeddable":true,"href":"https:\/\/radio-aviva.com\/perpignan\/wp-json\/wp\/v2\/podcastfilter?post=6766"}],"curies":[{"name":"wp","href":"https:\/\/api.w.org\/{rel}","templated":true}]}}

CATHERINE LARRÈRE, PROFESSEUR À L&rsquo;UNIVERSITÉ PARIS PANTHÉON-SORBONNE ET AUTEURE &#8211; SORTIE DE SON ROMAN : « L&rsquo;ÉCOFÉMINISME »

<p>&nbsp;</p>
<p>&nbsp;</p>
<p>Dans ce Marque-Page du jeudi 25 mai, nous vous proposons d&rsquo;écouter, au micro de Martine MARRAGOU, <strong>Mme Catherine LARRÈRE</strong>, professeure de philosophie à l&rsquo;<strong>Université Paris Panthéon-Sorbonne</strong>, <strong>spécialiste de philosophie morale et politique </strong>et <strong>d&rsquo;éthique environnementale</strong>, ainsi qu&rsquo;<strong>auteure</strong> de romans. Elle nous présente son dernier ouvrage intitulé <strong><em>L&rsquo;Écoféminisme</em></strong>, paru en avril dernier. On peut la retrouver ce <strong>mercredi 31 mai 2023</strong> à la librairie<strong> La Cavale</strong>, à <strong>Montpellier</strong>, à <strong>19h</strong> pour une séance de dédidaces.</p>
