{"id":6818,"date":"2023-06-13T11:59:32","date_gmt":"2023-06-13T09:59:32","guid":{"rendered":"https:\/\/radio-aviva.com\/perpignan\/blog\/podcast\/thierry-laurent-president-du-club-vtthau-courses-vtt-la-rando-du-boeuf-180623\/"},"modified":"2023-06-13T12:10:04","modified_gmt":"2023-06-13T10:10:04","slug":"thierry-laurent-president-du-club-vtthau-courses-vtt-la-rando-du-boeuf-180623","status":"publish","type":"podcast","link":"https:\/\/radio-aviva.com\/perpignan\/podcast\/thierry-laurent-president-du-club-vtthau-courses-vtt-la-rando-du-boeuf-180623\/","title":{"rendered":"THIERRY LAURENT, PR\u00c9SIDENT DU CLUB VTTHAU &#8211; COURSES VTT \u00ab\u00a0LA RANDO DU BOEUF\u00a0\u00bb &#8211; 180623"},"content":{"rendered":"<p>&nbsp;<\/p>\n<p>&nbsp;<\/p>\n<p>Ce mercredi 13 Juin 2023, l&rsquo;<strong>Invit\u00e9 Sportif<\/strong> de <strong>Sydney BITON<\/strong> est <strong>Mr Thierry LAURENT<\/strong>, <strong>Pr\u00e9sident<\/strong> du club de VTT de Thau, \u00ab\u00a0<strong>VTTHAU<\/strong>\u00ab\u00a0, \u00e0 l&rsquo;occasion de la porchaine \u00e9dition de la<strong> Rando du Boeuf <\/strong>qui aura lieu le <strong>dimanche 18 Juin.<\/strong><\/p>\n<p>C\u2019est au d\u00e9part du <strong>Stade des Sesquiers \u00e0 M\u00e8ze<\/strong> que s\u2019\u00e9lanceront les participants dans la garrigue des environs en <strong>VTT<\/strong> ou <strong>VTT \u00e0 assistance \u00e9lectrique<\/strong> sur <strong>deux parcours au choix<\/strong>. Le premier d\u2019une distance de <strong>40 km pour les sportifs<\/strong> et un plus petit de <strong>20 km<\/strong> plus accessible <strong>destin\u00e9 aux V\u00e9t\u00e9tistes occasionnels et les familles<\/strong>.<\/p>\n<p>Au programme :<\/p>\n<p>\u2013 D\u00e9part de 8h \u00e0 9h \u2013 Parcours 40 km Sportif 513 D+<br \/>\n\u2013 D\u00e9part entre 8h30 et 9h30 \u2013 Parcours 20 km Familial 185 D+<\/p>\n<p>Inscriptions :<br \/>\n11\u20ac en ligne<br \/>\n13\u20ac sur place<br \/>\n6 \u20ac moins de 12 ans<\/p>\n<p><strong>Brasucade et Boisson offerte \u00e0 l&rsquo;arriv\u00e9e.<br \/>\nInscription <\/strong>en ligne sur <a href=\"https:\/\/www.billetweb.fr\/la-rando-du-boeuf1&amp;src=agenda\">https:\/\/www.billetweb.fr\/la-rando-du-boeuf1&amp;src=agenda<\/a><\/p>\n<p>&nbsp;<\/p>\n<p><img fetchpriority=\"high\" decoding=\"async\" class=\"alignnone size-full wp-image-21589\" src=\"https:\/\/radio-aviva.com\/wp-content\/uploads\/2023\/05\/bat-a5-affiche-vtthau-2023.jpg\" alt=\"\" width=\"1000\" height=\"1389\" \/><\/p>\n<p><a href=\"https:\/\/www.herault-tourisme.com\/fr\/fiche\/fetes-et-manifestations\/vtt-la-rando-du-boeuf-meze_TFOFMALAR034V52C5AR\/\">https:\/\/www.herault-tourisme.com\/fr\/fiche\/fetes-et-manifestations\/vtt-la-rando-du-boeuf-meze_TFOFMALAR034V52C5AR\/<\/a><\/p>\n<p><a href=\"https:\/\/www.archipel-thau.com\/la-rando-du-boeuf-2023.html\">https:\/\/www.archipel-thau.com\/la-rando-du-boeuf-2023.html<\/a><\/p>\n<p><a href=\"http:\/\/vtthau.e-monsite.com\/\">http:\/\/vtthau.e-monsite.com\/<\/a><\/p>\n","protected":false},"author":1,"featured_media":0,"template":"","tags":[],"podcastfilter":[190,191,187,87,108,109,188],"class_list":["post-6818","podcast","type-podcast","status-publish","hentry","podcastfilter-association","podcastfilter-bien-etre-2","podcastfilter-linvite-sportif","podcastfilter-montpellier","podcastfilter-nimes","podcastfilter-perpignan","podcastfilter-sport"],"_links":{"self":[{"href":"https:\/\/radio-aviva.com\/perpignan\/wp-json\/wp\/v2\/podcast\/6818","targetHints":{"allow":["GET"]}}],"collection":[{"href":"https:\/\/radio-aviva.com\/perpignan\/wp-json\/wp\/v2\/podcast"}],"about":[{"href":"https:\/\/radio-aviva.com\/perpignan\/wp-json\/wp\/v2\/types\/podcast"}],"author":[{"embeddable":true,"href":"https:\/\/radio-aviva.com\/perpignan\/wp-json\/wp\/v2\/users\/1"}],"version-history":[{"count":0,"href":"https:\/\/radio-aviva.com\/perpignan\/wp-json\/wp\/v2\/podcast\/6818\/revisions"}],"wp:attachment":[{"href":"https:\/\/radio-aviva.com\/perpignan\/wp-json\/wp\/v2\/media?parent=6818"}],"wp:term":[{"taxonomy":"post_tag","embeddable":true,"href":"https:\/\/radio-aviva.com\/perpignan\/wp-json\/wp\/v2\/tags?post=6818"},{"taxonomy":"podcastfilter","embeddable":true,"href":"https:\/\/radio-aviva.com\/perpignan\/wp-json\/wp\/v2\/podcastfilter?post=6818"}],"curies":[{"name":"wp","href":"https:\/\/api.w.org\/{rel}","templated":true}]}}

THIERRY LAURENT, PRÉSIDENT DU CLUB VTTHAU &#8211; COURSES VTT « LA RANDO DU BOEUF » &#8211; 180623

<p>&nbsp;</p>
<p>&nbsp;</p>
<p>Ce mercredi 13 Juin 2023, l&rsquo;<strong>Invité Sportif</strong> de <strong>Sydney BITON</strong> est <strong>Mr Thierry LAURENT</strong>, <strong>Président</strong> du club de VTT de Thau, « <strong>VTTHAU</strong>« , à l&rsquo;occasion de la porchaine édition de la<strong> Rando du Boeuf </strong>qui aura lieu le <strong>dimanche 18 Juin.</strong></p>
<p>C’est au départ du <strong>Stade des Sesquiers à Mèze</strong> que s’élanceront les participants dans la garrigue des environs en <strong>VTT</strong> ou <strong>VTT à assistance électrique</strong> sur <strong>deux parcours au choix</strong>. Le premier d’une distance de <strong>40 km pour les sportifs</strong> et un plus petit de <strong>20 km</strong> plus accessible <strong>destiné aux Vététistes occasionnels et les familles</strong>.</p>
<p>Au programme :</p>
<p>– Départ de 8h à 9h – Parcours 40 km Sportif 513 D+<br />
– Départ entre 8h30 et 9h30 – Parcours 20 km Familial 185 D+</p>
<p>Inscriptions :<br />
11€ en ligne<br />
13€ sur place<br />
6 € moins de 12 ans</p>
<p><strong>Brasucade et Boisson offerte à l&rsquo;arrivée.<br />
Inscription </strong>en ligne sur <a href="https://www.billetweb.fr/la-rando-du-boeuf1&amp;src=agenda">https://www.billetweb.fr/la-rando-du-boeuf1&amp;src=agenda</a></p>
<p>&nbsp;</p>
<p><img fetchpriority="high" decoding="async" class="alignnone size-full wp-image-21589" src="https://radio-aviva.com/wp-content/uploads/2023/05/bat-a5-affiche-vtthau-2023.jpg" alt="" width="1000" height="1389" /></p>
<p><a href="https://www.herault-tourisme.com/fr/fiche/fetes-et-manifestations/vtt-la-rando-du-boeuf-meze_TFOFMALAR034V52C5AR/">https://www.herault-tourisme.com/fr/fiche/fetes-et-manifestations/vtt-la-rando-du-boeuf-meze_TFOFMALAR034V52C5AR/</a></p>
<p><a href="https://www.archipel-thau.com/la-rando-du-boeuf-2023.html">https://www.archipel-thau.com/la-rando-du-boeuf-2023.html</a></p>
<p><a href="http://vtthau.e-monsite.com/">http://vtthau.e-monsite.com/</a></p>
