{"id":6865,"date":"2023-06-19T15:40:36","date_gmt":"2023-06-19T13:40:36","guid":{"rendered":"https:\/\/radio-aviva.com\/perpignan\/?post_type=podcast&#038;p=6865"},"modified":"2024-05-14T14:21:47","modified_gmt":"2024-05-14T12:21:47","slug":"alain-apvrille-coordinateur-64e-cine-rencontres-de-prades-190623","status":"publish","type":"podcast","link":"https:\/\/radio-aviva.com\/perpignan\/podcast\/alain-apvrille-coordinateur-64e-cine-rencontres-de-prades-190623\/","title":{"rendered":"ALAIN APVRILLE, COORDINATEUR &#8211; 64E CINE RENCONTRES DE PRADES &#8211; 190623"},"content":{"rendered":"<p>Alain APVRILLE, coordinateur des Cin\u00e9-rencontres de Prades nous a pr\u00e9sent\u00e9 la 64e \u00e9dition du plus ancien festival de cin\u00e9ma en France apr\u00e8s Cannes, aura lieu du 15 au 22 juillet.<\/p>\n","protected":false},"author":337,"featured_media":6866,"template":"","tags":[],"podcastfilter":[170,128,167,139,140,186],"class_list":["post-6865","podcast","type-podcast","status-publish","has-post-thumbnail","hentry","podcastfilter-actions-culturelles","podcastfilter-cinema","podcastfilter-festival","podcastfilter-linvite-de-la-matinale","podcastfilter-programmation-culturelle","podcastfilter-pyrenees-orientales-2"],"_links":{"self":[{"href":"https:\/\/radio-aviva.com\/perpignan\/wp-json\/wp\/v2\/podcast\/6865","targetHints":{"allow":["GET"]}}],"collection":[{"href":"https:\/\/radio-aviva.com\/perpignan\/wp-json\/wp\/v2\/podcast"}],"about":[{"href":"https:\/\/radio-aviva.com\/perpignan\/wp-json\/wp\/v2\/types\/podcast"}],"author":[{"embeddable":true,"href":"https:\/\/radio-aviva.com\/perpignan\/wp-json\/wp\/v2\/users\/337"}],"version-history":[{"count":1,"href":"https:\/\/radio-aviva.com\/perpignan\/wp-json\/wp\/v2\/podcast\/6865\/revisions"}],"predecessor-version":[{"id":9070,"href":"https:\/\/radio-aviva.com\/perpignan\/wp-json\/wp\/v2\/podcast\/6865\/revisions\/9070"}],"wp:featuredmedia":[{"embeddable":true,"href":"https:\/\/radio-aviva.com\/perpignan\/wp-json\/wp\/v2\/media\/6866"}],"wp:attachment":[{"href":"https:\/\/radio-aviva.com\/perpignan\/wp-json\/wp\/v2\/media?parent=6865"}],"wp:term":[{"taxonomy":"post_tag","embeddable":true,"href":"https:\/\/radio-aviva.com\/perpignan\/wp-json\/wp\/v2\/tags?post=6865"},{"taxonomy":"podcastfilter","embeddable":true,"href":"https:\/\/radio-aviva.com\/perpignan\/wp-json\/wp\/v2\/podcastfilter?post=6865"}],"curies":[{"name":"wp","href":"https:\/\/api.w.org\/{rel}","templated":true}]}}

<p>Alain APVRILLE, coordinateur des Ciné-rencontres de Prades nous a présenté la 64e édition du plus ancien festival de cinéma en France après Cannes, aura lieu du 15 au 22 juillet.</p>
