{"id":6876,"date":"2023-06-19T16:23:59","date_gmt":"2023-06-19T14:23:59","guid":{"rendered":"https:\/\/radio-aviva.com\/perpignan\/?post_type=podcast&#038;p=6876"},"modified":"2024-05-20T15:28:44","modified_gmt":"2024-05-20T13:28:44","slug":"camille-trouve-dir-artistique-cie-les-anges-au-plafond-le-bal-marionnettique-au-theatre-de-larchipel-120623","status":"publish","type":"podcast","link":"https:\/\/radio-aviva.com\/perpignan\/podcast\/camille-trouve-dir-artistique-cie-les-anges-au-plafond-le-bal-marionnettique-au-theatre-de-larchipel-120623\/","title":{"rendered":"CAMILLE TROUVE, DIR ARTISTIQUE CIE LES ANGES AU PLAFOND &#8211; LE BAL MARIONNETTIQUE AU THEATRE DE L&rsquo;ARCHIPEL &#8211; 120623"},"content":{"rendered":"<p>Camille TROUVE, Directrice Artistique de la compagnie Les Anges au Plafond, nous a pr\u00e9sent\u00e9 le bal marionnettique, une repr\u00e9sentation programm\u00e9e au th\u00e9\u00e2tre de l&rsquo;Archipel.<\/p>\n<p>La compagnie Les Anges au Plafond vous invite \u00e0 entrer dans la danse et donner vie et mouvement aux \u00eatres inanim\u00e9s que sont les marionnettes.<\/p>\n","protected":false},"author":337,"featured_media":6877,"template":"","tags":[],"podcastfilter":[86,168,139,109,131],"class_list":["post-6876","podcast","type-podcast","status-publish","has-post-thumbnail","hentry","podcastfilter-art","podcastfilter-artiste","podcastfilter-linvite-de-la-matinale","podcastfilter-perpignan","podcastfilter-theatre"],"_links":{"self":[{"href":"https:\/\/radio-aviva.com\/perpignan\/wp-json\/wp\/v2\/podcast\/6876","targetHints":{"allow":["GET"]}}],"collection":[{"href":"https:\/\/radio-aviva.com\/perpignan\/wp-json\/wp\/v2\/podcast"}],"about":[{"href":"https:\/\/radio-aviva.com\/perpignan\/wp-json\/wp\/v2\/types\/podcast"}],"author":[{"embeddable":true,"href":"https:\/\/radio-aviva.com\/perpignan\/wp-json\/wp\/v2\/users\/337"}],"version-history":[{"count":1,"href":"https:\/\/radio-aviva.com\/perpignan\/wp-json\/wp\/v2\/podcast\/6876\/revisions"}],"predecessor-version":[{"id":9135,"href":"https:\/\/radio-aviva.com\/perpignan\/wp-json\/wp\/v2\/podcast\/6876\/revisions\/9135"}],"wp:featuredmedia":[{"embeddable":true,"href":"https:\/\/radio-aviva.com\/perpignan\/wp-json\/wp\/v2\/media\/6877"}],"wp:attachment":[{"href":"https:\/\/radio-aviva.com\/perpignan\/wp-json\/wp\/v2\/media?parent=6876"}],"wp:term":[{"taxonomy":"post_tag","embeddable":true,"href":"https:\/\/radio-aviva.com\/perpignan\/wp-json\/wp\/v2\/tags?post=6876"},{"taxonomy":"podcastfilter","embeddable":true,"href":"https:\/\/radio-aviva.com\/perpignan\/wp-json\/wp\/v2\/podcastfilter?post=6876"}],"curies":[{"name":"wp","href":"https:\/\/api.w.org\/{rel}","templated":true}]}}

<p>Camille TROUVE, Directrice Artistique de la compagnie Les Anges au Plafond, nous a présenté le bal marionnettique, une représentation programmée au théâtre de l&rsquo;Archipel.</p>
<p>La compagnie Les Anges au Plafond vous invite à entrer dans la danse et donner vie et mouvement aux êtres inanimés que sont les marionnettes.</p>
