{"id":6886,"date":"2023-06-19T17:32:28","date_gmt":"2023-06-19T15:32:28","guid":{"rendered":"https:\/\/radio-aviva.com\/perpignan\/?post_type=podcast&#038;p=6886"},"modified":"2023-06-19T17:32:58","modified_gmt":"2023-06-19T15:32:58","slug":"6886","status":"publish","type":"podcast","link":"https:\/\/radio-aviva.com\/perpignan\/podcast\/6886\/","title":{"rendered":"DOMINIQUE SOTO, PDT SOS RACISME, NICOLAS LEBOURG, RESP SCIENTIFIQUE NOSTRE MAR &#8211; 050623"},"content":{"rendered":"<p>Nostre Mar revient pour une seconde \u00e9dition : durant deux semaines, du 5 au 18 juin, seront accueillis divers invit\u00e9s de marque, venant de tous horizons : universitaires, sc\u00e9naristes, militants associatifs,\u00a0<a href=\"http:\/\/auteur.es\/\" target=\"_blank\" rel=\"noopener\" data-saferedirecturl=\"https:\/\/www.google.com\/url?q=http:\/\/auteur.es\/&amp;source=gmail&amp;ust=1687274457416000&amp;usg=AOvVaw2TnBu3AwFwAMAXXpYjEx2P\"><span style=\"color: #1155cc\">auteur.es<\/span><\/a>, musicien.nes\u2026 Avec toujours la m\u00eame volont\u00e9 que lors de la premi\u00e8re \u00e9dition:\u00a0poser un regard &#8211; rationnel &#8211; sur les pass\u00e9s, pr\u00e9sents et futurs du monde m\u00e9diterran\u00e9en.\u00a0Nostre Mar est un festival organis\u00e9 par SOS Racisme et soutenu par la r\u00e9gion Occitanie et le d\u00e9partement des Pyr\u00e9n\u00e9es Orientales. Nous sommes all\u00e9s \u00e0 la rencontre de Dominique SOPO, Pr\u00e9sident de SOS Racisme et de Nicholas Lebourg, Historien et Responsable scientifique du festival Nostre Mar.<\/p>\n","protected":false},"author":337,"featured_media":6887,"template":"","tags":[],"podcastfilter":[167,135,152,138,109,186],"class_list":["post-6886","podcast","type-podcast","status-publish","has-post-thumbnail","hentry","podcastfilter-festival","podcastfilter-linvite-de-la-redaction","podcastfilter-lien-social","podcastfilter-lutte-contre-les-discriminations","podcastfilter-perpignan","podcastfilter-pyrenees-orientales-2"],"_links":{"self":[{"href":"https:\/\/radio-aviva.com\/perpignan\/wp-json\/wp\/v2\/podcast\/6886","targetHints":{"allow":["GET"]}}],"collection":[{"href":"https:\/\/radio-aviva.com\/perpignan\/wp-json\/wp\/v2\/podcast"}],"about":[{"href":"https:\/\/radio-aviva.com\/perpignan\/wp-json\/wp\/v2\/types\/podcast"}],"author":[{"embeddable":true,"href":"https:\/\/radio-aviva.com\/perpignan\/wp-json\/wp\/v2\/users\/337"}],"version-history":[{"count":0,"href":"https:\/\/radio-aviva.com\/perpignan\/wp-json\/wp\/v2\/podcast\/6886\/revisions"}],"wp:featuredmedia":[{"embeddable":true,"href":"https:\/\/radio-aviva.com\/perpignan\/wp-json\/wp\/v2\/media\/6887"}],"wp:attachment":[{"href":"https:\/\/radio-aviva.com\/perpignan\/wp-json\/wp\/v2\/media?parent=6886"}],"wp:term":[{"taxonomy":"post_tag","embeddable":true,"href":"https:\/\/radio-aviva.com\/perpignan\/wp-json\/wp\/v2\/tags?post=6886"},{"taxonomy":"podcastfilter","embeddable":true,"href":"https:\/\/radio-aviva.com\/perpignan\/wp-json\/wp\/v2\/podcastfilter?post=6886"}],"curies":[{"name":"wp","href":"https:\/\/api.w.org\/{rel}","templated":true}]}}

<p>Nostre Mar revient pour une seconde édition : durant deux semaines, du 5 au 18 juin, seront accueillis divers invités de marque, venant de tous horizons : universitaires, scénaristes, militants associatifs, <a href="http://auteur.es/" target="_blank" rel="noopener" data-saferedirecturl="https://www.google.com/url?q=http://auteur.es/&amp;source=gmail&amp;ust=1687274457416000&amp;usg=AOvVaw2TnBu3AwFwAMAXXpYjEx2P"><span style="color: #1155cc">auteur.es</span></a>, musicien.nes… Avec toujours la même volonté que lors de la première édition: poser un regard &#8211; rationnel &#8211; sur les passés, présents et futurs du monde méditerranéen. Nostre Mar est un festival organisé par SOS Racisme et soutenu par la région Occitanie et le département des Pyrénées Orientales. Nous sommes allés à la rencontre de Dominique SOPO, Président de SOS Racisme et de Nicholas Lebourg, Historien et Responsable scientifique du festival Nostre Mar.</p>
