{"id":6888,"date":"2023-06-19T17:44:50","date_gmt":"2023-06-19T15:44:50","guid":{"rendered":"https:\/\/radio-aviva.com\/perpignan\/?post_type=podcast&#038;p=6888"},"modified":"2023-06-19T17:44:50","modified_gmt":"2023-06-19T15:44:50","slug":"anne-marie-geneviere-dir-recherche-cnrs-laboratoire-arago-070623","status":"publish","type":"podcast","link":"https:\/\/radio-aviva.com\/perpignan\/podcast\/anne-marie-geneviere-dir-recherche-cnrs-laboratoire-arago-070623\/","title":{"rendered":"ANNE MARIE GENEVIERE, DIR RECHERCHE CNRS &#8211; LABORATOIRE ARAGO &#8211; 070623"},"content":{"rendered":"<p>Anne-Marie GENEVIERE, Directrice de recherche \u00e9m\u00e9rite pour le CNRS, nous a pr\u00e9sent\u00e9 les amis du laboratoire Arago. Le but de l\u2019Association est d\u2019apporter son concours aux actions de communication de l&rsquo;Observatoire Oc\u00e9anologique de Banyuls sur mer-Laboratoire Arago vers le grand-public et de servir de lien entre la soci\u00e9t\u00e9 civile et la recherche men\u00e9e au laboratoire. Les moyens d\u2019action de l\u2019Association sont : l\u2019organisation de conf\u00e9rences, d\u2019expositions temporaires ainsi que la publication d\u2019un bulletin en ligne. Ce dernier rend compte des activit\u00e9s de l&rsquo;association.<\/p>\n","protected":false},"author":337,"featured_media":6889,"template":"","tags":[],"podcastfilter":[190,208,186,227,148],"class_list":["post-6888","podcast","type-podcast","status-publish","has-post-thumbnail","hentry","podcastfilter-association","podcastfilter-conference","podcastfilter-pyrenees-orientales-2","podcastfilter-sciences","podcastfilter-voix-des-assos"],"_links":{"self":[{"href":"https:\/\/radio-aviva.com\/perpignan\/wp-json\/wp\/v2\/podcast\/6888","targetHints":{"allow":["GET"]}}],"collection":[{"href":"https:\/\/radio-aviva.com\/perpignan\/wp-json\/wp\/v2\/podcast"}],"about":[{"href":"https:\/\/radio-aviva.com\/perpignan\/wp-json\/wp\/v2\/types\/podcast"}],"author":[{"embeddable":true,"href":"https:\/\/radio-aviva.com\/perpignan\/wp-json\/wp\/v2\/users\/337"}],"version-history":[{"count":0,"href":"https:\/\/radio-aviva.com\/perpignan\/wp-json\/wp\/v2\/podcast\/6888\/revisions"}],"wp:featuredmedia":[{"embeddable":true,"href":"https:\/\/radio-aviva.com\/perpignan\/wp-json\/wp\/v2\/media\/6889"}],"wp:attachment":[{"href":"https:\/\/radio-aviva.com\/perpignan\/wp-json\/wp\/v2\/media?parent=6888"}],"wp:term":[{"taxonomy":"post_tag","embeddable":true,"href":"https:\/\/radio-aviva.com\/perpignan\/wp-json\/wp\/v2\/tags?post=6888"},{"taxonomy":"podcastfilter","embeddable":true,"href":"https:\/\/radio-aviva.com\/perpignan\/wp-json\/wp\/v2\/podcastfilter?post=6888"}],"curies":[{"name":"wp","href":"https:\/\/api.w.org\/{rel}","templated":true}]}}

<p>Anne-Marie GENEVIERE, Directrice de recherche émérite pour le CNRS, nous a présenté les amis du laboratoire Arago. Le but de l’Association est d’apporter son concours aux actions de communication de l&rsquo;Observatoire Océanologique de Banyuls sur mer-Laboratoire Arago vers le grand-public et de servir de lien entre la société civile et la recherche menée au laboratoire. Les moyens d’action de l’Association sont : l’organisation de conférences, d’expositions temporaires ainsi que la publication d’un bulletin en ligne. Ce dernier rend compte des activités de l&rsquo;association.</p>
