{"id":6944,"date":"2023-02-09T10:15:03","date_gmt":"2023-02-09T08:15:03","guid":{"rendered":"https:\/\/radio-aviva.com\/perpignan\/blog\/podcast\/renaud-calvat-1er-vice-pdt-mtp-mediterrannee-metropole-actualites-de-la-metropole-08-02-23\/"},"modified":"2023-06-21T18:34:42","modified_gmt":"2023-06-21T16:34:42","slug":"renaud-calvat-1er-vice-pdt-mtp-mediterrannee-metropole-actualites-de-la-metropole-08-02-23","status":"publish","type":"podcast","link":"https:\/\/radio-aviva.com\/perpignan\/podcast\/renaud-calvat-1er-vice-pdt-mtp-mediterrannee-metropole-actualites-de-la-metropole-08-02-23\/","title":{"rendered":"RENAUD CALVAT, 1ER VICE PDT MTP M\u00c9DITERRANNEE METROPOLE &#8211; ACTUALIT\u00c9S DE LA M\u00c9TROPOLE &#8211; 08\/02\/23"},"content":{"rendered":"<p>Quelle place pour la culture taurine ?<\/p>\n<p>Comment financer les am\u00e9nagements de la m\u00e9tropole ?<\/p>\n<p><b>Renaud CALVAT<\/b>, Maire de Jacou, 1er vice pr\u00e9sident de la m\u00e9tropole et conseiller d\u00e9partemental\u00a0\u00e9tait au micro d\u2019<strong>Olivier Biscaye<\/strong> pour r\u00e9pondre \u00e0 ses questions sur la bouvine, et les am\u00e9nagements \u00e0 venir de Montpellier.<\/p>\n<p>Visionnez d\u00e8s maintenant l\u2019\u00e9mission,\u00a0<strong>Radio Aviva<\/strong>,<strong>\u00a0Libre \u00e9change<\/strong>, en partenariat avec\u00a0<strong>Midi Libre<\/strong>.<\/p>\n","protected":false},"author":333,"featured_media":6945,"template":"","tags":[],"podcastfilter":[122,123,87,108,109],"class_list":["post-6944","podcast","type-podcast","status-publish","has-post-thumbnail","hentry","podcastfilter-libre-echange","podcastfilter-magazine-economique-politique","podcastfilter-montpellier","podcastfilter-nimes","podcastfilter-perpignan"],"_links":{"self":[{"href":"https:\/\/radio-aviva.com\/perpignan\/wp-json\/wp\/v2\/podcast\/6944","targetHints":{"allow":["GET"]}}],"collection":[{"href":"https:\/\/radio-aviva.com\/perpignan\/wp-json\/wp\/v2\/podcast"}],"about":[{"href":"https:\/\/radio-aviva.com\/perpignan\/wp-json\/wp\/v2\/types\/podcast"}],"author":[{"embeddable":true,"href":"https:\/\/radio-aviva.com\/perpignan\/wp-json\/wp\/v2\/users\/333"}],"version-history":[{"count":0,"href":"https:\/\/radio-aviva.com\/perpignan\/wp-json\/wp\/v2\/podcast\/6944\/revisions"}],"wp:featuredmedia":[{"embeddable":true,"href":"https:\/\/radio-aviva.com\/perpignan\/wp-json\/wp\/v2\/media\/6945"}],"wp:attachment":[{"href":"https:\/\/radio-aviva.com\/perpignan\/wp-json\/wp\/v2\/media?parent=6944"}],"wp:term":[{"taxonomy":"post_tag","embeddable":true,"href":"https:\/\/radio-aviva.com\/perpignan\/wp-json\/wp\/v2\/tags?post=6944"},{"taxonomy":"podcastfilter","embeddable":true,"href":"https:\/\/radio-aviva.com\/perpignan\/wp-json\/wp\/v2\/podcastfilter?post=6944"}],"curies":[{"name":"wp","href":"https:\/\/api.w.org\/{rel}","templated":true}]}}

RENAUD CALVAT, 1ER VICE PDT MTP MÉDITERRANNEE METROPOLE &#8211; ACTUALITÉS DE LA MÉTROPOLE &#8211; 08/02/23

<p>Quelle place pour la culture taurine ?</p>
<p>Comment financer les aménagements de la métropole ?</p>
<p><b>Renaud CALVAT</b>, Maire de Jacou, 1er vice président de la métropole et conseiller départemental était au micro d’<strong>Olivier Biscaye</strong> pour répondre à ses questions sur la bouvine, et les aménagements à venir de Montpellier.</p>
<p>Visionnez dès maintenant l’émission, <strong>Radio Aviva</strong>,<strong> Libre échange</strong>, en partenariat avec <strong>Midi Libre</strong>.</p>
