{"id":6987,"date":"2023-07-04T14:56:02","date_gmt":"2023-07-04T12:56:02","guid":{"rendered":"https:\/\/radio-aviva.com\/perpignan\/blog\/podcast\/jean-pierre-loubet-professeur-de-ses-journaliste-independant-situation-du-conflit-en-ukraine-au-29-juin-2023\/"},"modified":"2023-07-04T14:57:05","modified_gmt":"2023-07-04T12:57:05","slug":"jean-pierre-loubet-professeur-de-ses-journaliste-independant-situation-du-conflit-en-ukraine-au-29-juin-2023","status":"publish","type":"podcast","link":"https:\/\/radio-aviva.com\/perpignan\/podcast\/jean-pierre-loubet-professeur-de-ses-journaliste-independant-situation-du-conflit-en-ukraine-au-29-juin-2023\/","title":{"rendered":"JEAN-PIERRE LOUBET, PROFESSEUR DE SES, JOURNALISTE IND\u00c9PENDANT &#8211; SITUATION DU CONFLIT EN UKRAINE AU 29 JUIN 2023"},"content":{"rendered":"<p>&nbsp;<\/p>\n<p>Ce jeudi 29 juin, dans <strong>Hier et Aujourd&rsquo;hui<\/strong>, Martine MARRAGOU re\u00e7oit <strong>Mr Jean-Pierre LOUBET<\/strong>, intervenant en Master 2 d&rsquo;Histoire Militaire et \u00c9tudes de D\u00e9fense (HMED), professeur de Sciences \u00c9conomique et Sociales (SES) au lyc\u00e9e Joffre de Montpellier et journaliste ind\u00e9pendant. Il vient faire le point sur la situation de la <strong>guerre en Ukraine<\/strong> \u00e0 ce jour, apr\u00e8s l&rsquo;affaire de la milice Wagner.<\/p>\n","protected":false},"author":1,"featured_media":0,"template":"","tags":[],"podcastfilter":[179,193,237],"class_list":["post-6987","podcast","type-podcast","status-publish","hentry","podcastfilter-europe","podcastfilter-hier-et-aujourdhui","podcastfilter-ukraine"],"_links":{"self":[{"href":"https:\/\/radio-aviva.com\/perpignan\/wp-json\/wp\/v2\/podcast\/6987","targetHints":{"allow":["GET"]}}],"collection":[{"href":"https:\/\/radio-aviva.com\/perpignan\/wp-json\/wp\/v2\/podcast"}],"about":[{"href":"https:\/\/radio-aviva.com\/perpignan\/wp-json\/wp\/v2\/types\/podcast"}],"author":[{"embeddable":true,"href":"https:\/\/radio-aviva.com\/perpignan\/wp-json\/wp\/v2\/users\/1"}],"version-history":[{"count":0,"href":"https:\/\/radio-aviva.com\/perpignan\/wp-json\/wp\/v2\/podcast\/6987\/revisions"}],"wp:attachment":[{"href":"https:\/\/radio-aviva.com\/perpignan\/wp-json\/wp\/v2\/media?parent=6987"}],"wp:term":[{"taxonomy":"post_tag","embeddable":true,"href":"https:\/\/radio-aviva.com\/perpignan\/wp-json\/wp\/v2\/tags?post=6987"},{"taxonomy":"podcastfilter","embeddable":true,"href":"https:\/\/radio-aviva.com\/perpignan\/wp-json\/wp\/v2\/podcastfilter?post=6987"}],"curies":[{"name":"wp","href":"https:\/\/api.w.org\/{rel}","templated":true}]}}

JEAN-PIERRE LOUBET, PROFESSEUR DE SES, JOURNALISTE INDÉPENDANT &#8211; SITUATION DU CONFLIT EN UKRAINE AU 29 JUIN 2023

<p>&nbsp;</p>
<p>Ce jeudi 29 juin, dans <strong>Hier et Aujourd&rsquo;hui</strong>, Martine MARRAGOU reçoit <strong>Mr Jean-Pierre LOUBET</strong>, intervenant en Master 2 d&rsquo;Histoire Militaire et Études de Défense (HMED), professeur de Sciences Économique et Sociales (SES) au lycée Joffre de Montpellier et journaliste indépendant. Il vient faire le point sur la situation de la <strong>guerre en Ukraine</strong> à ce jour, après l&rsquo;affaire de la milice Wagner.</p>
