{"id":6989,"date":"2023-07-04T15:16:13","date_gmt":"2023-07-04T13:16:13","guid":{"rendered":"https:\/\/radio-aviva.com\/perpignan\/blog\/podcast\/lanniversaire-de-lappel-du-18-juin-marronnier-de-camille-tabet\/"},"modified":"2023-07-04T15:17:37","modified_gmt":"2023-07-04T13:17:37","slug":"lappel-du-18-juin-83eme-anniversaire-marronnier-de-camille-tabet","status":"publish","type":"podcast","link":"https:\/\/radio-aviva.com\/perpignan\/podcast\/lappel-du-18-juin-83eme-anniversaire-marronnier-de-camille-tabet\/","title":{"rendered":"L&rsquo;APPEL DU 18 JUIN &#8211; 83\u00c8ME ANNIVERSAIRE &#8211; MARRONNIER DE CAMILLE TABET"},"content":{"rendered":"<p>&nbsp;<\/p>\n<p>Dans ce marronnier, pour <strong>Hier et Aujourd&rsquo;hui<\/strong>, <strong>Mme Camille TABET<\/strong> nous raconte le contexte de l&rsquo;<strong>Appel historique du 18 juin 1940<\/strong>, un des discours les plus c\u00e9l\u00e8bres, \u00e0 l&rsquo;occasion de son <strong>83\u00e8me anniversaire<\/strong>.<\/p>\n","protected":false},"author":1,"featured_media":0,"template":"","tags":[],"podcastfilter":[224,193,144],"class_list":["post-6989","podcast","type-podcast","status-publish","hentry","podcastfilter-commemoration","podcastfilter-hier-et-aujourdhui","podcastfilter-histoire"],"_links":{"self":[{"href":"https:\/\/radio-aviva.com\/perpignan\/wp-json\/wp\/v2\/podcast\/6989","targetHints":{"allow":["GET"]}}],"collection":[{"href":"https:\/\/radio-aviva.com\/perpignan\/wp-json\/wp\/v2\/podcast"}],"about":[{"href":"https:\/\/radio-aviva.com\/perpignan\/wp-json\/wp\/v2\/types\/podcast"}],"author":[{"embeddable":true,"href":"https:\/\/radio-aviva.com\/perpignan\/wp-json\/wp\/v2\/users\/1"}],"version-history":[{"count":0,"href":"https:\/\/radio-aviva.com\/perpignan\/wp-json\/wp\/v2\/podcast\/6989\/revisions"}],"wp:attachment":[{"href":"https:\/\/radio-aviva.com\/perpignan\/wp-json\/wp\/v2\/media?parent=6989"}],"wp:term":[{"taxonomy":"post_tag","embeddable":true,"href":"https:\/\/radio-aviva.com\/perpignan\/wp-json\/wp\/v2\/tags?post=6989"},{"taxonomy":"podcastfilter","embeddable":true,"href":"https:\/\/radio-aviva.com\/perpignan\/wp-json\/wp\/v2\/podcastfilter?post=6989"}],"curies":[{"name":"wp","href":"https:\/\/api.w.org\/{rel}","templated":true}]}}

L&rsquo;APPEL DU 18 JUIN &#8211; 83ÈME ANNIVERSAIRE &#8211; MARRONNIER DE CAMILLE TABET

<p>&nbsp;</p>
<p>Dans ce marronnier, pour <strong>Hier et Aujourd&rsquo;hui</strong>, <strong>Mme Camille TABET</strong> nous raconte le contexte de l&rsquo;<strong>Appel historique du 18 juin 1940</strong>, un des discours les plus célèbres, à l&rsquo;occasion de son <strong>83ème anniversaire</strong>.</p>
