{"id":7023,"date":"2023-07-20T12:11:23","date_gmt":"2023-07-20T10:11:23","guid":{"rendered":"https:\/\/radio-aviva.com\/perpignan\/blog\/podcast\/la-semaine-nationale-des-ecoles-de-rugby-2023-jean-michel-arazo-president-de-lasso-et-de-lecole-du-mhr\/"},"modified":"2023-07-20T12:11:23","modified_gmt":"2023-07-20T10:11:23","slug":"la-semaine-nationale-des-ecoles-de-rugby-2023-jean-michel-arazo-president-de-lasso-et-de-lecole-du-mhr","status":"publish","type":"podcast","link":"https:\/\/radio-aviva.com\/perpignan\/podcast\/la-semaine-nationale-des-ecoles-de-rugby-2023-jean-michel-arazo-president-de-lasso-et-de-lecole-du-mhr\/","title":{"rendered":"LA SEMAINE NATIONALE DES \u00c9COLES DE RUGBY 2023 &#8211; JEAN-MICHEL ARAZO, PR\u00c9SIDENT DE L&rsquo;ASSO ET DE L&rsquo;\u00c9COLE DU MHR"},"content":{"rendered":"<p>&nbsp;<\/p>\n<p>Ce lundi 24 juillet 2023, l&rsquo;<strong>Invit\u00e9 Sportif<\/strong>, au micro de Sydney BITON, est <strong>Mr Jean-Michel ARAZO<\/strong>, Pr\u00e9sident de l&rsquo;<strong>association<\/strong> et de l&rsquo;<strong>\u00e9cole du MHR<\/strong> (Montpellier H\u00e9rault Rugby). Il nous parle de la<strong> Semaine Nationale des \u00c9coles de Rugby 2023<\/strong>, et de comment son \u00e9cole va y participer. Cette semaine se d\u00e9roule du <strong>6 au 13 septembre<\/strong>, et elle permet \u00e0 tous les licenci\u00e9s d&rsquo;inviter leurs amis qui ont entre <strong>3 et 15 ans<\/strong> et l&rsquo;envie de s&rsquo;essayer au ballon ovale.<\/p>\n","protected":false},"author":1,"featured_media":7021,"template":"","tags":[],"podcastfilter":[187,87,243,188],"class_list":["post-7023","podcast","type-podcast","status-publish","has-post-thumbnail","hentry","podcastfilter-linvite-sportif","podcastfilter-montpellier","podcastfilter-rugby","podcastfilter-sport"],"_links":{"self":[{"href":"https:\/\/radio-aviva.com\/perpignan\/wp-json\/wp\/v2\/podcast\/7023","targetHints":{"allow":["GET"]}}],"collection":[{"href":"https:\/\/radio-aviva.com\/perpignan\/wp-json\/wp\/v2\/podcast"}],"about":[{"href":"https:\/\/radio-aviva.com\/perpignan\/wp-json\/wp\/v2\/types\/podcast"}],"author":[{"embeddable":true,"href":"https:\/\/radio-aviva.com\/perpignan\/wp-json\/wp\/v2\/users\/1"}],"version-history":[{"count":0,"href":"https:\/\/radio-aviva.com\/perpignan\/wp-json\/wp\/v2\/podcast\/7023\/revisions"}],"wp:featuredmedia":[{"embeddable":true,"href":"https:\/\/radio-aviva.com\/perpignan\/wp-json\/wp\/v2\/media\/7021"}],"wp:attachment":[{"href":"https:\/\/radio-aviva.com\/perpignan\/wp-json\/wp\/v2\/media?parent=7023"}],"wp:term":[{"taxonomy":"post_tag","embeddable":true,"href":"https:\/\/radio-aviva.com\/perpignan\/wp-json\/wp\/v2\/tags?post=7023"},{"taxonomy":"podcastfilter","embeddable":true,"href":"https:\/\/radio-aviva.com\/perpignan\/wp-json\/wp\/v2\/podcastfilter?post=7023"}],"curies":[{"name":"wp","href":"https:\/\/api.w.org\/{rel}","templated":true}]}}

LA SEMAINE NATIONALE DES ÉCOLES DE RUGBY 2023 &#8211; JEAN-MICHEL ARAZO, PRÉSIDENT DE L&rsquo;ASSO ET DE L&rsquo;ÉCOLE DU MHR

<p>&nbsp;</p>
<p>Ce lundi 24 juillet 2023, l&rsquo;<strong>Invité Sportif</strong>, au micro de Sydney BITON, est <strong>Mr Jean-Michel ARAZO</strong>, Président de l&rsquo;<strong>association</strong> et de l&rsquo;<strong>école du MHR</strong> (Montpellier Hérault Rugby). Il nous parle de la<strong> Semaine Nationale des Écoles de Rugby 2023</strong>, et de comment son école va y participer. Cette semaine se déroule du <strong>6 au 13 septembre</strong>, et elle permet à tous les licenciés d&rsquo;inviter leurs amis qui ont entre <strong>3 et 15 ans</strong> et l&rsquo;envie de s&rsquo;essayer au ballon ovale.</p>
