{"id":7030,"date":"2023-07-25T12:29:29","date_gmt":"2023-07-25T10:29:29","guid":{"rendered":"https:\/\/radio-aviva.com\/perpignan\/blog\/podcast\/le-sport-dans-le-gard-vincent-bouget-conseiller-departemental-delegue-aux-sports\/"},"modified":"2023-07-25T12:29:29","modified_gmt":"2023-07-25T10:29:29","slug":"le-sport-dans-le-gard-vincent-bouget-conseiller-departemental-delegue-aux-sports","status":"publish","type":"podcast","link":"https:\/\/radio-aviva.com\/perpignan\/podcast\/le-sport-dans-le-gard-vincent-bouget-conseiller-departemental-delegue-aux-sports\/","title":{"rendered":"LE SPORT DANS LE GARD &#8211; VINCENT BOUGET, CONSEILLER D\u00c9PARTEMENTAL D\u00c9L\u00c9GU\u00c9 AUX SPORTS"},"content":{"rendered":"<p>&nbsp;<\/p>\n<p>Ce mardi 25 juillet, notre <strong>Invit\u00e9 Sportif<\/strong>, au micro de Sydney BITON est <strong>Mr Vincent BOUGET<\/strong>, <strong>Conseiller D\u00e9partemental d\u00e9l\u00e9gu\u00e9 aux Sports<\/strong>, dans le <strong>Gard<\/strong>.<\/p>\n<p>Ils \u00e9voquent ensemble l&rsquo;importance du sport dans le d\u00e9partement, ainsi que son futur.<\/p>\n","protected":false},"author":1,"featured_media":0,"template":"","tags":[],"podcastfilter":[187,108,188],"class_list":["post-7030","podcast","type-podcast","status-publish","hentry","podcastfilter-linvite-sportif","podcastfilter-nimes","podcastfilter-sport"],"_links":{"self":[{"href":"https:\/\/radio-aviva.com\/perpignan\/wp-json\/wp\/v2\/podcast\/7030","targetHints":{"allow":["GET"]}}],"collection":[{"href":"https:\/\/radio-aviva.com\/perpignan\/wp-json\/wp\/v2\/podcast"}],"about":[{"href":"https:\/\/radio-aviva.com\/perpignan\/wp-json\/wp\/v2\/types\/podcast"}],"author":[{"embeddable":true,"href":"https:\/\/radio-aviva.com\/perpignan\/wp-json\/wp\/v2\/users\/1"}],"version-history":[{"count":0,"href":"https:\/\/radio-aviva.com\/perpignan\/wp-json\/wp\/v2\/podcast\/7030\/revisions"}],"wp:attachment":[{"href":"https:\/\/radio-aviva.com\/perpignan\/wp-json\/wp\/v2\/media?parent=7030"}],"wp:term":[{"taxonomy":"post_tag","embeddable":true,"href":"https:\/\/radio-aviva.com\/perpignan\/wp-json\/wp\/v2\/tags?post=7030"},{"taxonomy":"podcastfilter","embeddable":true,"href":"https:\/\/radio-aviva.com\/perpignan\/wp-json\/wp\/v2\/podcastfilter?post=7030"}],"curies":[{"name":"wp","href":"https:\/\/api.w.org\/{rel}","templated":true}]}}

LE SPORT DANS LE GARD &#8211; VINCENT BOUGET, CONSEILLER DÉPARTEMENTAL DÉLÉGUÉ AUX SPORTS

<p>&nbsp;</p>
<p>Ce mardi 25 juillet, notre <strong>Invité Sportif</strong>, au micro de Sydney BITON est <strong>Mr Vincent BOUGET</strong>, <strong>Conseiller Départemental délégué aux Sports</strong>, dans le <strong>Gard</strong>.</p>
<p>Ils évoquent ensemble l&rsquo;importance du sport dans le département, ainsi que son futur.</p>
